MONTHLY CLIMATOLOGICAL SUMMARY for feb 2023 NAME: Fornovo di Taro, Parma ELEV: 155 metri LAT: 44-41.50 N LONG: 10-05.98 E TEMPERATURE (°C), RAIN (cm), WIND SPEED (km/h) HEAT COOL AVG MEAN DEG DEG WIND DOM DAY TEMP HIGH TIME LOW TIME DAYS DAYS RAIN SPEED HIGH TIME DIR --------------------------------------------------------------------------------------- 01 8,8 15,5 15:17 1,5 01:04 11,2 0,0 0,00 11,6 40,3 17:48 177 02 10,2 20,6 15:25 3,4 08:25 9,8 0,0 0,00 10,0 29,5 01:28 184 03 8,8 13,9 17:10 3,6 07:39 11,2 0,0 0,00 12,6 52,6 20:11 169 04 10,6 22,4 16:31 5,1 08:37 9,4 0,0 0,00 7,1 39,2 01:07 137 05 5,4 8,5 15:41 2,9 23:54 14,6 0,0 0,00 5,7 24,5 14:36 78 06 2,6 8,5 15:11 -1,5 07:32 17,4 0,0 0,00 6,2 24,5 15:14 98 07 1,3 9,6 15:04 -2,9 07:12 18,7 0,0 0,00 4,0 19,4 13:18 92 08 -0,2 6,1 15:28 -5,4 07:44 20,2 0,0 0,00 6,9 29,5 13:36 110 09 0,7 7,8 15:14 -2,5 23:59 19,3 0,0 0,00 4,8 24,5 11:55 100 10 0,5 10,4 16:04 -4,9 05:31 19,5 0,0 0,00 7,9 24,5 06:26 163 11 2,2 12,1 16:12 -3,9 08:02 17,8 0,0 0,00 7,7 24,5 06:09 166 12 6,1 14,9 16:11 0,9 06:36 13,9 0,0 0,00 7,4 22,0 15:01 150 13 5,3 13,4 14:56 0,2 08:00 14,7 0,0 0,00 7,1 22,0 00:15 161 14 7,4 18,0 15:34 1,1 06:45 12,6 0,0 0,00 7,8 24,5 03:47 168 15 8,7 18,7 15:25 2,3 07:20 11,3 0,0 0,00 7,9 30,6 05:05 166 16 8,9 17,1 16:15 2,5 07:15 11,1 0,0 0,00 8,8 31,7 17:20 173 17 10,2 17,6 16:20 5,5 07:45 9,8 0,0 0,00 8,6 28,1 16:35 168 18 11,0 24,5 19:51 4,4 07:00 9,0 0,0 5,91 11,0 40,3 15:59 178 19 10,0 27,5 03:20 3,5 07:33 10,0 0,0 5,91 6,0 30,6 16:47 125 20 9,5 15,7 15:04 4,6 04:38 10,5 0,0 0,00 6,0 19,4 12:15 138 21 9,3 19,6 15:56 2,9 05:53 10,7 0,0 0,00 6,0 24,5 16:17 162 22 10,9 13,0 11:50 8,8 06:30 9,1 0,0 0,00 3,4 14,8 12:54 110 23 10,2 12,7 11:36 7,2 23:54 9,8 0,0 0,03 3,1 19,4 23:30 139 24 10,6 14,3 11:20 6,3 04:27 9,4 0,0 0,00 7,7 33,1 17:22 175 25 11,7 15,3 13:06 7,4 06:59 8,3 0,0 0,00 3,2 18,4 12:57 157 26 4,7 10,7 00:50 1,5 18:35 15,3 0,0 1,29 11,3 46,4 05:29 73 27 3,7 13,3 14:51 1,6 02:35 16,3 0,0 7,35 4,5 20,9 00:09 69 28 4,1 7,2 15:09 1,5 08:22 15,9 0,0 0,00 4,0 17,3 04:17 74 --------------------------------------------------------------------------------------- 6,9 27,5 19 -5,4 08 366,7 0,0 20,49 7,1 52,6 03 148 Updated: 01/03/2023 00:00:00