MONTHLY CLIMATOLOGICAL SUMMARY for mag 2022 NAME: Fornovo di Taro, Parma ELEV: 155 metri LAT: 44-41.50 N LONG: 10-05.98 E TEMPERATURE (°C), RAIN (cm), WIND SPEED (km/h) HEAT COOL AVG MEAN DEG DEG WIND DOM DAY TEMP HIGH TIME LOW TIME DAYS DAYS RAIN SPEED HIGH TIME DIR --------------------------------------------------------------------------------------- 01 15,5 24,3 16:29 9,6 07:32 4,5 0,0 0,00 5,7 31,7 17:34 117 02 15,3 23,8 17:32 8,2 06:15 4,7 0,0 0,00 7,3 27,0 13:51 112 03 15,1 23,8 14:46 9,2 06:07 4,9 0,0 0,00 8,7 35,6 16:32 160 04 15,2 23,8 16:21 9,8 06:15 4,8 0,0 0,63 6,8 28,1 14:25 158 05 13,2 16,7 16:56 9,3 06:35 6,8 0,0 0,57 5,4 23,4 00:37 148 06 12,4 12,6 03:39 12,0 00:21 7,6 0,0 0,39 5,3 23,4 08:43 68 07 12,7 14,0 21:43 11,7 06:49 7,3 0,0 0,00 3,7 12,2 06:49 77 08 15,4 21,7 16:35 12,3 03:35 4,6 0,0 0,00 3,9 29,5 14:36 120 09 17,7 25,0 18:07 11,3 05:10 2,3 0,0 0,00 6,6 20,9 16:22 122 10 19,8 30,5 18:11 12,4 05:53 0,2 0,0 0,00 6,8 20,9 12:53 142 11 21,3 29,7 17:50 13,7 06:30 0,0 1,3 0,00 11,2 36,7 23:32 168 12 23,0 28,1 16:22 18,6 06:11 0,0 3,0 0,00 18,0 40,3 15:20 184 13 22,0 28,8 14:48 16,6 07:05 0,0 2,0 0,00 13,3 46,4 18:25 170 14 22,3 31,5 19:01 14,2 07:24 0,0 2,3 0,00 7,9 28,1 01:26 156 15 22,2 30,2 15:05 15,2 06:17 0,0 2,2 0,00 7,4 23,4 02:25 153 16 23,5 30,8 15:39 16,9 05:43 0,0 3,5 0,00 10,6 34,2 17:05 178 17 23,7 32,9 19:38 15,3 06:00 0,0 3,7 0,00 6,0 20,9 00:14 149 18 22,9 30,1 17:05 16,6 06:50 0,0 2,9 0,00 9,6 34,2 15:17 102 19 21,9 30,0 18:08 14,0 06:07 0,0 1,9 0,00 6,5 25,6 11:15 87 20 24,0 31,0 16:26 16,5 06:15 0,0 4,0 0,00 9,7 33,1 16:47 181 21 25,8 34,3 17:14 19,6 04:30 0,0 5,8 0,00 10,2 34,2 20:44 183 22 24,1 30,2 15:52 17,8 06:10 0,0 4,1 0,00 8,8 30,6 23:10 168 23 24,4 31,7 15:31 17,0 06:16 0,0 4,4 0,00 10,1 37,8 01:22 183 24 23,2 27,8 18:06 18,3 06:48 0,0 3,2 0,00 11,1 40,3 16:19 184 25 22,7 28,4 16:08 17,0 06:24 0,0 2,7 0,00 5,7 24,5 00:37 107 26 22,5 30,1 17:11 17,1 06:00 0,0 2,5 0,00 5,7 20,9 10:33 128 27 25,5 34,9 17:54 19,0 05:55 0,0 5,5 0,00 4,6 22,0 15:18 118 28 22,2 29,7 13:49 15,6 23:57 0,0 2,2 0,00 9,2 41,8 16:14 124 29 14,4 15,9 16:26 12,3 07:55 5,6 0,0 0,75 6,9 37,8 04:25 68 30 16,0 23,0 16:49 12,4 03:16 4,0 0,0 0,00 5,2 17,3 11:21 64 31 19,3 26,8 18:16 13,3 05:03 0,7 0,0 0,00 5,4 22,0 15:34 119 --------------------------------------------------------------------------------------- 20,3 34,9 27 8,2 02 58,0 57,2 2,34 8,0 46,4 13 154 Updated: 13/10/2022 13:25:00