MONTHLY CLIMATOLOGICAL SUMMARY for giu 2021 NAME: Fornovo di Taro, Parma ELEV: 155 metri LAT: 44-41.50 N LONG: 10-05.98 E TEMPERATURE (°C), RAIN (cm), WIND SPEED (km/h) HEAT COOL AVG MEAN DEG DEG WIND DOM DAY TEMP HIGH TIME LOW TIME DAYS DAYS RAIN SPEED HIGH TIME DIR --------------------------------------------------------------------------------------- 01 18,2 26,7 17:10 8,7 05:51 1,8 0,0 0,00 5,1 24,5 09:09 70 02 18,7 26,3 13:46 9,4 05:40 1,3 0,0 0,00 4,2 23,4 17:05 20 03 21,2 30,6 17:34 11,0 06:14 0,0 1,2 0,00 4,7 24,5 08:45 84 04 22,1 31,6 17:17 10,8 06:06 0,0 2,1 0,00 5,4 28,1 19:23 353 05 23,1 28,1 15:08 18,6 04:11 0,0 3,1 0,00 7,5 36,7 11:38 223 06 20,9 24,9 12:17 15,8 23:50 0,0 0,9 0,00 5,7 31,7 16:59 167 07 19,4 26,3 14:08 15,7 00:00 0,6 0,0 1,11 3,8 40,3 15:26 33 08 19,8 27,8 14:57 15,2 23:56 0,2 0,0 0,06 2,8 17,3 18:37 173 09 21,5 31,8 15:43 12,6 05:22 0,0 1,5 0,03 3,4 24,5 17:09 70 10 21,4 30,4 15:07 13,3 06:05 0,0 1,4 0,00 4,8 45,4 16:32 81 11 21,0 31,1 16:14 13,4 05:28 0,0 1,0 0,00 4,8 23,4 10:31 109 12 23,7 32,5 14:06 13,1 05:24 0,0 3,7 0,00 4,7 20,9 15:20 13 13 26,4 34,7 18:32 12,3 17:20 0,0 6,4 0,00 8,5 36,7 08:44 325 14 24,1 31,1 18:17 16,1 05:45 0,0 4,1 0,00 5,2 22,0 16:31 74 15 23,7 32,1 16:23 16,6 03:10 0,0 3,7 0,00 4,7 20,9 11:53 80 16 23,5 31,1 15:11 15,7 05:32 0,0 3,5 0,00 4,5 25,6 16:57 96 17 25,9 34,6 14:53 17,3 04:19 0,0 5,9 0,00 5,2 25,6 21:59 18 18 26,2 34,4 16:29 17,7 06:11 0,0 6,2 0,00 6,6 40,3 04:30 286 19 24,1 32,2 15:22 15,2 04:16 0,0 4,1 0,00 7,4 30,6 11:14 231 20 25,4 34,7 15:24 17,3 04:16 0,0 5,4 0,00 6,0 40,3 16:47 239 21 25,8 32,2 16:59 18,3 06:15 0,0 5,8 0,00 9,3 45,4 23:37 206 22 25,6 32,6 14:33 15,2 06:14 0,0 5,6 0,00 9,3 34,2 19:07 222 23 23,6 32,4 15:17 13,9 05:27 0,0 3,6 0,00 5,5 35,6 16:52 79 24 23,5 30,4 14:50 14,2 04:50 0,0 3,5 0,00 8,4 40,3 11:44 202 25 24,4 28,9 16:28 19,3 06:34 0,0 4,4 0,00 11,3 43,9 17:14 202 26 24,2 33,0 16:18 12,9 05:55 0,0 4,2 0,00 5,5 30,6 01:39 8 27 25,0 34,6 15:32 15,1 06:05 0,0 5,0 0,00 4,2 28,1 14:35 73 28 25,6 34,9 16:30 14,8 06:23 0,0 5,6 0,00 4,9 31,7 13:37 82 29 25,6 31,0 16:30 17,4 04:59 0,0 5,6 0,00 11,9 55,1 21:39 196 30 24,0 26,6 13:58 20,4 06:06 0,0 4,0 0,00 13,4 56,2 18:10 191 --------------------------------------------------------------------------------------- 23,3 34,9 28 8,7 01 3,8 101,6 1,20 6,3 56,2 30 182 Updated: 13/10/2022 13:25:00