MONTHLY CLIMATOLOGICAL SUMMARY for dic 2019 NAME: Fornovo di Taro, Parma ELEV: 155 metri LAT: 44-41.50 N LONG: 10-05.98 E TEMPERATURE (°C), RAIN (cm), WIND SPEED (km/h) HEAT COOL AVG MEAN DEG DEG WIND DOM DAY TEMP HIGH TIME LOW TIME DAYS DAYS RAIN SPEED HIGH TIME DIR --------------------------------------------------------------------------------------- 01 5,8 7,4 11:40 3,9 02:05 14,2 0,0 1,14 2,2 13,3 12:45 50 02 6,9 8,1 16:05 5,8 01:10 13,1 0,0 1,35 1,3 8,6 14:20 140 03 6,5 11,0 11:15 0,4 23:25 13,5 0,0 0,15 4,2 23,4 11:35 43 04 1,9 9,4 14:40 -1,5 07:25 18,1 0,0 0,03 4,3 17,3 12:45 144 05 1,2 10,9 14:20 -2,6 07:25 18,8 0,0 0,00 2,0 11,2 17:30 149 06 4,4 11,8 12:20 -1,0 00:45 15,6 0,0 0,03 2,1 18,4 13:15 114 07 6,1 15,0 14:55 1,7 07:55 13,9 0,0 0,00 3,5 20,9 12:20 136 08 7,3 11,4 14:05 3,7 00:15 12,7 0,0 0,00 1,8 14,8 13:30 182 09 7,2 12,5 13:25 3,7 23:45 12,8 0,0 0,00 2,2 28,1 14:30 17 10 5,6 17,4 14:10 -0,8 00:00 14,4 0,0 0,00 5,0 23,4 11:55 153 11 2,1 11,6 11:15 -3,0 08:00 17,9 0,0 0,00 3,6 15,8 13:30 154 12 1,2 7,9 14:50 -2,8 23:20 18,8 0,0 0,66 1,6 12,2 13:55 163 13 1,7 9,5 00:00 -2,4 00:05 18,3 0,0 0,21 3,9 47,9 20:55 194 14 7,0 17,3 12:45 -1,3 07:45 13,0 0,0 0,00 4,8 36,7 03:05 186 15 3,8 9,6 13:15 0,5 07:00 16,2 0,0 0,00 3,8 14,8 14:20 158 16 6,9 11,0 12:05 4,5 00:05 13,1 0,0 0,00 2,2 15,8 15:05 105 17 7,0 8,5 12:20 5,9 02:25 13,0 0,0 0,00 1,4 12,2 16:40 156 18 8,3 12,1 13:45 5,6 07:40 11,7 0,0 0,00 1,6 9,7 01:45 129 19 9,3 10,8 12:05 7,6 00:00 10,7 0,0 0,09 1,6 11,2 19:05 136 20 8,4 16,2 23:35 6,7 05:45 11,6 0,0 1,35 3,9 39,2 22:20 161 21 11,9 16,8 14:45 8,8 07:50 8,1 0,0 1,56 6,4 56,2 22:05 202 22 11,4 19,2 14:30 7,3 07:55 8,6 0,0 2,28 6,2 41,8 06:45 312 23 13,1 16,9 12:50 7,3 02:40 6,9 0,0 0,00 10,9 57,6 14:50 299 24 11,2 19,4 13:35 1,9 07:25 8,8 0,0 0,00 6,7 55,1 01:55 313 25 6,8 21,9 12:55 0,2 23:35 13,2 0,0 0,00 5,6 39,2 00:55 219 26 3,8 15,3 12:50 -2,1 07:15 16,2 0,0 0,00 3,2 14,8 22:10 150 27 3,0 14,2 13:25 -1,9 07:35 17,0 0,0 0,00 3,5 19,4 14:45 142 28 1,9 11,5 13:00 -2,8 06:15 18,1 0,0 0,00 3,6 20,9 11:55 128 29 0,6 4,4 15:20 -3,4 04:55 19,4 0,0 0,00 3,2 12,2 00:15 131 30 1,5 8,4 14:35 -3,1 00:00 18,5 0,0 0,00 2,5 14,8 10:15 179 31 1,7 13,1 12:25 -4,3 06:55 18,3 0,0 0,00 3,7 14,8 13:20 157 --------------------------------------------------------------------------------------- 5,7 21,9 25 -4,3 31 444,6 0,0 8,85 3,6 57,6 23 160 Updated: 13/10/2022 13:20:00