MONTHLY CLIMATOLOGICAL SUMMARY for mar 2019 NAME: Fornovo di Taro, Parma ELEV: 155 metri LAT: 44-41.50 N LONG: 10-05.98 E TEMPERATURE (°C), RAIN (cm), WIND SPEED (km/h) HEAT COOL AVG MEAN DEG DEG WIND DOM DAY TEMP HIGH TIME LOW TIME DAYS DAYS RAIN SPEED HIGH TIME DIR --------------------------------------------------------------------------------------- 01 9,1 18,9 14:25 1,7 07:20 10,9 0,0 0,00 6,3 47,9 01:25 157 02 9,0 21,1 16:30 -0,3 06:25 11,0 0,0 0,00 5,3 29,5 10:00 115 03 10,1 19,4 15:00 -0,9 07:15 9,9 0,0 0,00 5,3 27,0 21:00 338 04 13,1 17,6 15:35 7,6 07:25 6,9 0,0 0,00 7,9 58,7 15:20 201 05 10,5 19,0 15:00 3,2 07:35 9,5 0,0 0,03 5,9 30,6 23:05 95 06 13,4 19,2 13:50 8,9 22:40 6,6 0,0 0,00 7,2 45,4 00:45 214 07 12,8 18,7 13:25 7,7 07:40 7,2 0,0 0,00 8,7 58,7 13:40 182 08 13,1 18,8 14:25 6,7 05:10 6,9 0,0 0,00 9,6 47,9 11:05 186 09 14,0 18,9 12:05 10,9 05:40 6,0 0,0 0,00 10,2 45,4 13:15 245 10 14,4 18,7 12:30 8,5 06:25 5,6 0,0 0,00 9,1 47,9 02:30 231 11 14,9 20,2 11:45 10,9 07:20 5,1 0,0 0,00 11,4 73,4 15:00 300 12 10,9 17,5 13:30 1,7 07:15 9,1 0,0 0,00 6,1 33,1 09:45 310 13 5,6 11,4 17:05 -0,1 23:35 14,4 0,0 0,69 3,5 22,0 00:45 156 14 8,5 18,8 14:25 -2,5 06:35 11,5 0,0 0,00 6,7 50,0 17:10 214 15 14,7 22,8 13:55 1,4 06:35 5,3 0,0 0,00 10,6 58,7 16:50 223 16 18,0 24,1 14:25 14,1 23:50 2,0 0,0 0,00 11,6 55,1 13:50 222 17 14,6 19,4 12:30 7,8 07:10 5,4 0,0 0,00 8,4 50,0 13:05 217 18 11,3 16,1 11:55 7,0 22:45 8,7 0,0 0,30 8,2 47,9 05:05 29 19 6,3 12,9 14:45 0,3 06:50 13,7 0,0 0,00 6,8 39,2 11:15 121 20 6,7 14,7 15:15 -0,4 06:55 13,3 0,0 0,00 7,2 36,7 11:10 112 21 6,5 16,0 16:15 -1,8 06:05 13,5 0,0 0,00 6,5 30,6 13:00 120 22 8,8 20,0 15:20 -1,4 06:30 11,2 0,0 0,00 6,0 27,0 13:15 119 23 11,0 23,6 14:30 -0,8 06:35 9,0 0,0 0,00 5,7 27,0 13:55 99 24 13,7 25,9 17:25 1,0 06:40 6,3 0,0 0,00 5,4 30,6 21:30 122 25 17,7 22,7 13:35 13,0 00:00 2,3 0,0 0,00 12,3 54,0 09:05 240 26 8,5 15,6 16:25 1,3 23:30 11,5 0,0 0,45 10,7 45,4 01:55 110 27 6,7 15,7 16:55 -1,6 04:20 13,3 0,0 0,00 7,4 34,2 13:30 127 28 7,4 16,5 14:45 -0,8 06:15 12,6 0,0 0,00 7,2 34,2 10:20 118 29 8,5 19,0 15:10 -0,9 06:15 11,5 0,0 0,00 5,7 28,1 12:45 121 30 10,2 21,4 14:45 -1,0 06:15 9,8 0,0 0,00 5,4 27,0 15:05 102 31 11,7 23,1 17:30 0,3 07:20 8,3 0,0 0,00 5,7 22,0 14:20 108 --------------------------------------------------------------------------------------- 11,0 25,9 24 -2,5 14 278,1 0,0 1,47 7,5 73,4 11 174 Updated: 13/10/2022 13:20:00