MONTHLY CLIMATOLOGICAL SUMMARY for mar 2024 NAME: Fornovo di Taro, Parma ELEV: 155 metri LAT: 44-41.50 N LONG: 10-05.98 E TEMPERATURE (°C), RAIN (mm), WIND SPEED (km/h) HEAT COOL AVG MEAN DEG DEG WIND DOM DAY TEMP HIGH TIME LOW TIME DAYS DAYS RAIN SPEED HIGH TIME DIR --------------------------------------------------------------------------------------- 01 02 03 10,1 11,9 14:43 6,9 09:05 9,9 0,0 1,8 7,9 33,1 20:41 66 04 9,4 10,0 15:54 8,3 10:45 10,6 0,0 1,8 3,6 14,8 15:09 138 05 12,7 17,3 16:21 7,5 23:21 7,3 0,0 0,0 7,5 29,5 16:38 189 06 7,0 10,7 18:27 4,9 06:57 13,0 0,0 0,0 2,9 14,8 22:21 167 07 9,5 18,1 16:55 5,7 02:21 10,5 0,0 0,0 5,6 20,9 04:44 173 08 7,1 10,0 14:25 3,5 06:57 12,9 0,0 1,5 7,2 22,0 01:24 89 09 8,2 9,3 21:16 6,0 01:35 11,8 0,0 0,0 3,9 13,3 23:59 65 10 9,9 14,4 14:57 7,1 23:27 10,1 0,0 7,5 7,7 30,6 15:02 133 11 9,2 14,2 14:53 5,0 04:54 10,8 0,0 0,0 5,8 24,5 12:22 139 12 11,9 22,0 17:49 5,3 06:45 8,1 0,0 6,3 8,7 24,5 05:43 176 13 11,8 18,8 16:28 7,0 06:45 8,2 0,0 0,0 6,6 22,0 00:22 136 14 12,2 19,0 16:26 6,7 07:03 7,8 0,0 0,0 6,7 19,4 14:32 138 15 13,4 18,4 14:07 10,1 06:44 6,6 0,0 0,0 10,4 35,6 15:41 188 16 14,1 21,8 15:04 9,2 07:35 5,9 0,0 0,0 6,5 20,9 12:47 127 17 14,0 19,9 15:10 9,1 07:01 6,0 0,0 0,0 7,2 22,0 11:46 138 18 13,5 16,1 17:02 10,3 23:55 6,5 0,0 0,0 5,9 20,9 04:43 134 19 12,0 17,3 14:35 7,6 05:14 8,0 0,0 0,0 7,5 24,5 11:49 94 20 12,4 19,1 16:18 9,5 07:21 7,6 0,0 0,0 4,0 22,0 13:57 80 21 14,1 21,7 17:47 7,6 06:17 5,9 0,0 0,0 7,1 22,0 16:36 126 22 14,3 22,9 15:43 8,4 06:31 5,7 0,0 0,0 7,2 24,5 15:08 123 23 15,2 19,2 14:28 10,3 06:05 4,8 0,0 0,0 16,5 72,4 13:33 188 24 12,6 20,0 16:14 6,9 06:50 7,4 0,0 0,0 8,8 28,1 12:25 135 25 10,5 17,2 14:14 3,4 06:30 9,5 0,0 0,0 7,9 27,0 15:57 119 26 8,5 9,4 00:00 7,6 01:17 11,5 0,0 2,4 4,3 22,0 18:22 67 27 10,0 14,6 16:21 8,2 03:10 10,0 0,0 3,9 10,7 55,1 17:46 175 28 9,3 12,1 04:07 7,1 10:16 10,7 0,0 6,6 7,4 36,7 01:57 94 29 11,7 15,0 15:27 7,2 08:49 8,3 0,0 0,0 6,3 19,4 13:07 54 30 13,2 18,6 13:40 10,3 04:55 6,8 0,0 3,9 5,4 28,1 17:53 65 31 13,7 19,1 16:43 10,3 05:30 6,3 0,0 2,1 4,0 20,9 10:26 85 --------------------------------------------------------------------------------------- 11,6 22,9 22 3,4 25 248,7 0,0 37,8 7,1 72,4 23 138 Updated: 01/04/2024 00:00:00