MONTHLY CLIMATOLOGICAL SUMMARY for feb 2024 NAME: Fornovo di Taro, Parma ELEV: 155 metri LAT: 44-41.50 N LONG: 10-05.98 E TEMPERATURE (°C), RAIN (mm), WIND SPEED (km/h) HEAT COOL AVG MEAN DEG DEG WIND DOM DAY TEMP HIGH TIME LOW TIME DAYS DAYS RAIN SPEED HIGH TIME DIR --------------------------------------------------------------------------------------- 01 5,1 10,7 16:53 2,2 07:11 14,9 0,0 0,0 6,4 23,4 00:24 176 02 7,5 16,6 15:57 2,0 05:58 12,5 0,0 0,0 7,2 22,0 06:20 169 03 10,9 17,0 18:45 3,5 06:21 9,1 0,0 0,0 7,7 34,2 18:43 149 04 10,3 17,6 14:15 4,5 08:05 9,7 0,0 0,0 4,4 19,4 23:37 107 05 11,4 17,4 14:22 6,4 08:05 8,6 0,0 0,0 8,1 36,7 15:31 166 06 8,2 13,6 15:11 4,0 06:24 11,8 0,0 0,0 4,9 18,4 15:04 128 07 9,8 17,9 15:33 5,5 23:41 10,2 0,0 0,0 4,6 20,9 14:10 141 08 9,1 14,1 14:04 4,2 07:36 10,9 0,0 0,0 5,2 20,9 14:50 108 09 9,4 10,9 12:23 7,8 06:25 10,6 0,0 0,9 4,3 19,4 13:48 66 10 9,0 10,3 17:08 7,9 05:33 11,0 0,0 0,9 3,2 18,4 16:38 61 11 9,7 11,2 13:30 8,8 23:56 10,3 0,0 1,2 2,7 13,3 21:28 116 12 9,1 15,3 15:13 4,2 07:20 10,9 0,0 0,0 6,6 22,0 01:15 158 13 9,0 17,2 16:12 4,2 07:42 11,0 0,0 0,0 6,2 19,4 05:22 164 14 8,9 16,3 16:17 4,4 07:10 11,1 0,0 0,0 6,7 22,0 05:21 161 15 8,7 14,6 13:40 4,2 06:44 11,3 0,0 0,0 6,7 20,9 00:33 158 16 9,4 15,0 15:09 5,8 07:17 10,6 0,0 0,0 4,8 15,8 06:29 157 17 10,5 16,7 15:27 6,5 07:37 9,5 0,0 0,0 6,1 19,4 13:05 149 18 9,6 15,8 14:22 4,6 07:27 10,4 0,0 0,0 6,5 23,4 07:26 153 19 10,5 16,8 14:57 6,2 07:39 9,5 0,0 0,0 5,7 17,3 12:50 148 20 10,3 18,4 15:07 5,9 07:45 9,7 0,0 0,0 6,2 18,4 06:30 156 21 9,2 16,4 15:04 4,0 07:07 10,8 0,0 0,0 7,0 23,4 03:34 159 22 12,5 13,9 10:10 6,9 00:20 7,5 0,0 0,0 11,9 45,4 18:07 187 23 8,9 10,4 15:35 6,4 23:56 11,1 0,0 1,8 5,1 17,3 02:08 67 24 8,6 13,8 11:40 4,9 02:25 11,4 0,0 1,5 5,6 41,8 11:10 185 25 9,1 15,2 14:53 5,4 08:20 10,9 0,0 0,0 6,7 33,1 14:59 177 26 6,6 7,9 13:43 4,6 23:08 13,4 0,0 33,6 4,9 18,4 13:19 94 27 6,0 8,3 22:48 4,3 04:51 14,0 0,0 113,1 5,1 22,0 06:12 184 28 7,5 8,2 00:00 7,1 05:09 12,5 0,0 2,1 3,4 13,3 05:45 189 29 --------------------------------------------------------------------------------------- 9,1 18,4 20 2,0 02 305,3 0,0 155,1 5,9 45,4 22 154 Updated: 01/03/2024 00:00:00