MONTHLY CLIMATOLOGICAL SUMMARY for gen 2024 NAME: Fornovo di Taro, Parma ELEV: 155 metri LAT: 44-41.50 N LONG: 10-05.98 E TEMPERATURE (°C), RAIN (mm), WIND SPEED (km/h) HEAT COOL AVG MEAN DEG DEG WIND DOM DAY TEMP HIGH TIME LOW TIME DAYS DAYS RAIN SPEED HIGH TIME DIR --------------------------------------------------------------------------------------- 01 6,7 9,3 13:30 4,0 20:45 13,3 0,0 0,6 3,5 14,8 21:52 137 02 4,5 7,1 12:06 2,0 04:44 15,5 0,0 0,0 5,9 20,9 21:17 81 03 7,2 11,8 13:41 4,9 23:55 12,8 0,0 0,0 3,6 22,0 23:19 72 04 10,4 19,5 14:47 3,8 03:37 9,6 0,0 0,0 8,4 36,7 19:26 185 05 6,1 12,3 00:00 4,8 04:38 13,9 0,0 13,8 3,5 17,3 02:58 62 06 6,7 7,3 20:26 6,2 00:00 13,3 0,0 13,8 1,5 8,6 00:32 124 07 6,9 7,6 11:30 6,2 05:57 13,1 0,0 10,2 2,2 14,8 05:27 69 08 7,4 10,5 15:53 5,1 23:57 12,6 0,0 0,6 3,1 15,8 23:42 80 09 5,6 8,1 14:17 3,0 23:01 14,4 0,0 0,0 5,6 23,4 11:24 69 10 1,7 5,9 15:02 -0,7 23:25 18,3 0,0 0,0 2,6 15,8 14:18 119 11 2,3 11,5 15:28 -1,2 00:43 17,7 0,0 0,0 3,6 17,3 20:35 178 12 2,1 8,7 14:56 -1,6 06:38 17,9 0,0 0,0 6,7 23,4 06:45 167 13 2,1 10,3 14:55 -1,6 08:07 17,9 0,0 0,0 5,1 22,0 08:54 170 14 1,5 6,1 13:55 -0,9 07:13 18,5 0,0 0,0 4,3 17,3 15:39 125 15 3,6 10,0 15:09 1,2 00:14 16,4 0,0 0,0 3,9 18,4 13:22 88 16 2,7 6,7 13:59 -0,8 05:26 17,3 0,0 0,0 4,1 17,3 00:09 125 17 3,5 4,2 12:53 3,1 00:00 16,5 0,0 1,5 1,7 12,2 14:24 64 18 5,0 8,9 14:42 2,7 07:50 15,0 0,0 1,2 3,4 25,6 13:44 67 19 4,8 7,2 12:58 2,9 23:58 15,2 0,0 0,9 4,0 40,3 14:54 70 20 2,0 8,0 15:33 -1,7 08:56 18,0 0,0 0,0 4,6 20,9 13:13 97 21 0,7 7,0 12:49 -3,1 08:38 19,3 0,0 0,0 5,1 20,9 09:03 177 22 2,6 8,7 15:40 -2,5 05:00 17,4 0,0 0,0 5,5 19,4 06:07 141 23 4,9 11,6 15:36 0,4 07:33 15,1 0,0 0,0 4,7 19,4 12:09 131 24 4,8 11,7 14:31 0,6 06:30 15,2 0,0 0,0 4,1 18,4 07:15 151 25 6,0 14,7 14:52 1,8 07:33 14,0 0,0 0,0 4,1 15,8 10:46 132 26 5,4 9,6 12:59 1,1 08:05 14,6 0,0 0,0 4,7 18,4 20:58 167 27 6,3 13,7 14:48 2,2 22:08 13,7 0,0 0,0 7,2 29,5 07:20 156 28 1,2 4,8 14:57 -1,8 08:23 18,8 0,0 0,0 3,1 14,8 13:55 83 29 1,4 8,2 15:35 -2,7 06:56 18,6 0,0 0,0 4,0 17,3 03:15 89 30 3,9 10,5 15:01 0,1 07:25 16,1 0,0 0,0 6,7 20,9 07:28 160 31 5,4 11,9 13:50 0,9 07:33 14,6 0,0 0,0 7,0 22,0 04:48 163 --------------------------------------------------------------------------------------- 4,4 19,5 04 -3,1 21 484,7 0,0 42,6 4,4 40,3 19 127 Updated: 01/02/2024 00:00:00