MONTHLY CLIMATOLOGICAL SUMMARY for dic 2023 NAME: Fornovo di Taro, Parma ELEV: 155 metri LAT: 44-41.50 N LONG: 10-05.98 E TEMPERATURE (°C), RAIN (mm), WIND SPEED (km/h) HEAT COOL AVG MEAN DEG DEG WIND DOM DAY TEMP HIGH TIME LOW TIME DAYS DAYS RAIN SPEED HIGH TIME DIR --------------------------------------------------------------------------------------- 01 4,8 7,3 23:27 3,7 00:13 15,2 0,0 2,1 6,5 37,8 20:45 67 02 9,4 14,4 15:31 4,7 23:43 10,6 0,0 0,9 12,0 57,6 13:14 182 03 3,5 9,6 14:23 0,1 07:05 16,5 0,0 0,0 5,2 19,4 00:15 155 04 0,9 2,7 12:21 -1,0 05:47 19,1 0,0 0,9 3,0 12,2 00:45 128 05 1,9 3,5 15:47 0,3 00:51 18,1 0,0 2,7 1,4 13,3 23:51 183 06 3,5 10,1 13:16 1,0 05:51 16,5 0,0 0,0 6,9 22,0 06:00 175 07 3,4 10,9 14:47 0,1 07:45 16,6 0,0 0,0 6,6 22,0 09:18 174 08 2,5 3,5 11:29 1,4 00:06 17,5 0,0 3,0 2,5 17,3 03:54 182 09 3,9 5,7 13:25 1,9 00:20 16,1 0,0 0,0 2,4 11,2 23:28 165 10 7,4 21,7 15:47 2,2 08:15 12,6 0,0 0,3 4,5 30,6 05:56 179 11 4,4 8,0 15:27 2,1 06:32 15,6 0,0 0,0 3,9 25,6 03:01 82 12 5,8 8,4 13:06 2,6 00:00 14,2 0,0 0,0 4,4 17,3 04:17 90 13 6,6 7,7 14:32 5,9 00:10 13,4 0,0 0,3 1,7 9,7 15:35 59 14 7,9 13,8 14:56 4,5 23:37 12,1 0,0 0,0 3,2 19,4 20:40 173 15 5,9 15,3 14:42 1,6 23:57 14,1 0,0 0,0 6,3 27,0 09:26 179 16 3,2 9,3 14:26 -0,7 08:41 16,8 0,0 0,0 5,3 18,4 13:09 155 17 4,2 12,5 15:45 0,3 01:56 15,8 0,0 0,0 6,2 19,4 13:27 175 18 6,0 14,0 15:03 2,1 06:19 14,0 0,0 0,0 8,3 24,5 06:19 174 19 7,2 17,3 13:40 3,1 06:50 12,8 0,0 0,0 7,6 24,5 05:46 176 20 5,3 10,6 15:10 2,0 04:30 14,7 0,0 0,0 5,1 20,9 21:29 183 21 7,5 14,1 16:26 1,6 06:35 12,5 0,0 0,0 14,1 58,7 20:56 182 22 15,1 20,7 15:40 11,5 03:59 4,9 0,0 0,0 13,5 43,9 00:20 194 23 15,0 21,5 14:22 11,1 07:06 5,0 0,0 0,0 15,5 37,8 17:56 185 24 14,5 18,3 14:25 12,5 07:52 5,5 0,0 0,0 24,1 55,1 11:00 185 25 11,4 16,8 15:29 5,8 23:27 8,6 0,0 0,0 9,1 43,9 03:32 172 26 7,7 15,1 15:12 4,1 05:59 12,3 0,0 0,0 5,2 17,3 22:28 164 27 7,6 10,4 14:27 4,1 03:24 12,4 0,0 0,0 4,2 19,4 04:57 181 28 9,1 12,5 11:37 6,9 08:41 10,9 0,0 0,0 2,3 19,4 13:11 100 29 8,9 9,8 14:17 7,6 07:24 11,1 0,0 0,0 2,7 11,2 00:18 78 30 8,6 9,6 12:30 7,9 02:40 11,4 0,0 0,0 1,5 12,2 13:20 61 31 7,9 8,4 00:00 7,5 22:08 12,1 0,0 8,4 3,2 18,4 21:46 64 --------------------------------------------------------------------------------------- 6,8 21,7 10 -1,0 04 409,1 0,0 18,6 6,4 58,7 21 172 Updated: 01/01/2024 00:00:00