MONTHLY CLIMATOLOGICAL SUMMARY for nov 2023 NAME: Fornovo di Taro, Parma ELEV: 155 metri LAT: 44-41.50 N LONG: 10-05.98 E TEMPERATURE (°C), RAIN (mm), WIND SPEED (km/h) HEAT COOL AVG MEAN DEG DEG WIND DOM DAY TEMP HIGH TIME LOW TIME DAYS DAYS RAIN SPEED HIGH TIME DIR --------------------------------------------------------------------------------------- 01 12,6 15,2 00:00 9,5 06:06 7,4 0,0 0,6 3,9 17,3 00:41 108 02 12,2 14,7 21:50 11,1 08:08 7,8 0,0 16,5 5,4 28,1 18:11 60 03 12,4 16,9 15:07 8,9 09:33 7,6 0,0 9,9 10,7 39,2 15:11 184 04 10,1 13,8 16:07 6,0 05:45 9,9 0,0 3,6 5,4 19,4 11:55 99 05 13,4 18,9 15:20 8,4 07:08 6,6 0,0 27,3 10,9 63,7 13:16 179 06 15,0 19,9 14:26 8,4 07:32 5,0 0,0 0,0 9,0 45,4 14:53 184 07 12,4 17,6 15:44 8,1 07:24 7,6 0,0 0,0 5,8 22,0 12:33 121 08 10,8 16,2 15:10 7,4 07:50 9,2 0,0 0,0 4,5 17,3 13:33 127 09 8,9 13,8 11:57 5,5 04:13 11,1 0,0 1,8 4,4 19,4 12:38 139 10 9,0 10,0 13:34 7,9 23:58 11,0 0,0 0,9 2,4 15,8 23:54 123 11 10,2 20,5 14:37 5,5 06:12 9,8 0,0 0,0 8,5 30,6 07:00 183 12 8,2 13,4 15:16 5,8 23:46 11,8 0,0 0,0 4,6 23,4 00:25 156 13 8,5 15,7 15:13 3,9 07:11 11,5 0,0 0,0 5,0 18,4 12:48 148 14 10,2 14,4 13:55 7,2 00:00 9,8 0,0 0,0 5,2 22,0 15:20 78 15 12,7 23,1 14:50 7,9 00:00 7,3 0,0 0,0 6,9 24,5 23:12 183 16 9,7 13,4 13:43 6,8 08:05 10,3 0,0 0,0 6,8 30,6 01:23 138 17 12,3 19,6 14:27 6,1 03:13 7,7 0,0 0,0 9,2 39,2 12:24 192 18 9,1 18,4 14:46 4,0 08:07 10,9 0,0 0,0 7,8 25,6 06:52 175 19 8,5 15,8 14:36 3,4 07:50 11,5 0,0 0,0 5,2 17,3 00:14 162 20 8,4 15,2 15:26 4,3 06:21 11,6 0,0 0,0 5,3 20,9 12:57 147 21 9,4 11,1 14:45 8,1 00:51 10,6 0,0 0,9 1,2 11,2 22:23 118 22 8,4 15,3 14:26 5,0 07:51 11,6 0,0 0,0 4,2 20,9 13:55 120 23 7,4 17,8 15:20 2,6 08:11 12,6 0,0 0,0 5,0 23,4 22:42 174 24 6,8 14,8 14:37 1,9 07:48 13,2 0,0 0,0 6,3 23,4 18:24 130 25 7,9 11,7 15:22 3,2 23:14 12,1 0,0 0,0 10,4 36,7 15:08 284 26 6,9 15,3 15:51 3,0 20:24 13,1 0,0 0,0 8,5 24,5 03:44 186 27 4,7 7,2 13:55 3,2 01:10 15,3 0,0 0,0 3,2 13,3 02:27 111 28 7,1 17,0 14:55 3,4 02:55 12,9 0,0 0,0 5,1 28,1 15:20 180 29 5,1 11,0 14:11 0,8 08:05 14,9 0,0 0,0 6,0 20,9 04:47 167 30 3,9 5,2 00:41 3,1 08:07 16,1 0,0 1,5 2,2 11,2 16:24 70 --------------------------------------------------------------------------------------- 9,4 23,1 15 0,8 29 317,5 0,0 63,0 6,0 63,7 05 162 Updated: 01/12/2023 00:00:00