MONTHLY CLIMATOLOGICAL SUMMARY for ott 2023 NAME: Fornovo di Taro, Parma ELEV: 155 metri LAT: 44-41.50 N LONG: 10-05.98 E TEMPERATURE (°C), RAIN (mm), WIND SPEED (km/h) HEAT COOL AVG MEAN DEG DEG WIND DOM DAY TEMP HIGH TIME LOW TIME DAYS DAYS RAIN SPEED HIGH TIME DIR --------------------------------------------------------------------------------------- 01 20,7 30,2 17:27 14,5 07:33 0,0 0,7 0,0 6,8 22,0 04:15 153 02 20,4 28,8 16:19 14,2 07:19 0,0 0,4 0,0 7,2 19,4 03:58 156 03 20,6 29,9 15:49 13,7 07:33 0,0 0,6 0,0 9,1 31,7 17:39 180 04 20,3 25,5 16:23 15,0 05:21 0,0 0,3 0,0 5,8 18,4 02:39 116 05 20,6 26,6 17:06 17,1 04:34 0,0 0,6 0,0 4,0 20,9 13:57 103 06 20,0 26,8 17:15 15,4 07:16 0,0 0,0 0,0 6,9 22,0 13:48 144 07 19,9 27,9 16:58 14,3 07:50 0,1 0,0 0,0 6,9 20,9 06:10 162 08 22,7 36,5 17:35 15,7 07:02 0,0 2,7 0,0 7,4 23,4 04:58 169 09 23,8 31,7 15:19 16,9 07:01 0,0 3,8 0,0 12,2 43,9 16:59 184 10 22,9 30,0 15:45 17,0 08:20 0,0 2,9 0,0 7,3 24,5 00:17 153 11 20,1 27,3 17:03 15,4 07:59 0,0 0,1 0,0 5,6 18,4 03:23 152 12 20,3 28,0 16:02 15,7 07:16 0,0 0,3 0,0 8,1 24,5 15:05 184 13 19,9 29,3 16:12 14,7 08:14 0,1 0,0 0,0 7,4 24,5 17:51 173 14 20,0 26,7 15:35 13,5 07:48 0,0 0,0 0,0 10,0 37,8 14:45 185 15 19,3 27,0 16:21 14,4 07:30 0,7 0,0 0,0 5,1 25,6 19:32 76 16 14,0 16,3 15:46 11,9 07:49 6,0 0,0 0,0 8,8 29,5 14:24 63 17 13,7 18,6 16:42 10,8 07:45 6,3 0,0 0,0 5,1 19,4 11:48 99 18 11,2 13,3 00:00 9,8 22:35 8,8 0,0 2,1 3,6 13,3 11:59 56 19 11,2 13,3 13:24 9,9 00:00 8,8 0,0 1,2 2,4 43,2 15:49 57 20 15,5 21,2 14:54 11,6 00:06 4,5 0,0 10,2 7,5 43,9 13:42 151 21 17,9 22,7 16:56 14,0 09:20 2,1 0,0 0,0 5,9 31,7 23:21 185 22 16,5 22,6 14:50 10,9 07:47 3,5 0,0 0,0 5,8 30,6 11:43 186 23 15,0 20,4 13:30 11,4 07:29 5,0 0,0 1,5 4,6 17,3 09:00 159 24 14,3 16,8 14:34 13,2 23:59 5,7 0,0 76,8 3,7 18,4 15:40 71 25 13,1 16,0 16:46 12,1 05:36 6,9 0,0 0,0 6,4 20,9 14:08 66 26 14,0 15,5 13:35 12,3 08:30 6,0 0,0 0,0 4,5 19,4 14:31 63 27 17,4 23,2 15:20 14,0 08:21 2,6 0,0 0,6 12,1 50,0 17:31 173 28 17,2 21,4 15:50 13,1 23:57 2,8 0,0 0,0 13,1 50,0 10:59 185 29 13,5 15,1 16:16 12,8 02:15 6,5 0,0 0,6 1,5 12,2 00:32 83 30 13,7 15,0 19:58 12,6 07:15 6,3 0,0 50,1 3,2 28,1 20:09 69 31 16,7 20,6 14:39 11,3 08:06 3,3 0,0 3,0 14,5 52,6 06:18 185 --------------------------------------------------------------------------------------- 17,7 36,5 08 9,8 18 86,0 12,4 146,1 6,8 52,6 31 157 Updated: 01/11/2023 00:00:00