MONTHLY CLIMATOLOGICAL SUMMARY for set 2023 NAME: Fornovo di Taro, Parma ELEV: 155 metri LAT: 44-41.50 N LONG: 10-05.98 E TEMPERATURE (°C), RAIN (mm), WIND SPEED (km/h) HEAT COOL AVG MEAN DEG DEG WIND DOM DAY TEMP HIGH TIME LOW TIME DAYS DAYS RAIN SPEED HIGH TIME DIR --------------------------------------------------------------------------------------- 01 22,3 29,4 15:40 16,2 06:56 0,0 2,3 0,0 9,1 30,6 17:15 183 02 22,7 31,5 15:37 15,8 07:05 0,0 2,7 0,0 7,2 20,9 01:26 153 03 24,4 32,8 16:59 17,5 07:24 0,0 4,4 0,0 7,8 25,6 05:54 144 04 24,0 31,9 17:42 18,2 06:59 0,0 4,0 0,0 7,5 24,5 15:26 106 05 21,8 28,2 16:27 16,6 07:05 0,0 1,8 0,0 7,3 31,7 14:20 96 06 20,9 29,3 18:40 13,4 07:23 0,0 0,9 0,0 7,5 25,6 13:51 121 07 22,2 31,6 17:28 14,8 06:55 0,0 2,2 0,0 7,5 29,5 12:57 118 08 22,3 31,3 17:57 14,8 07:15 0,0 2,3 0,0 7,1 24,5 13:31 135 09 22,7 32,1 15:32 14,9 07:03 0,0 2,7 0,0 7,5 25,6 15:14 138 10 23,2 32,4 16:27 15,3 07:05 0,0 3,2 0,0 7,7 24,5 05:29 154 11 23,9 33,5 17:34 15,9 07:04 0,0 3,9 0,0 7,6 28,1 07:17 167 12 25,1 33,6 14:43 17,9 07:03 0,0 5,1 0,0 9,7 28,1 15:48 186 13 24,2 30,8 17:15 20,6 05:55 0,0 4,2 0,3 8,8 33,1 14:29 185 14 22,4 28,8 14:28 18,3 06:26 0,0 2,4 0,0 5,2 22,0 11:19 86 15 21,2 27,1 16:11 16,9 07:18 0,0 1,2 0,0 5,4 28,1 15:35 122 16 21,8 28,0 16:24 18,0 02:52 0,0 1,8 0,0 5,7 22,0 13:54 103 17 23,4 29,4 15:53 17,9 07:32 0,0 3,4 0,0 5,5 20,9 14:52 105 18 24,1 29,4 14:57 20,0 06:10 0,0 4,1 0,0 11,0 50,0 19:25 186 19 24,5 31,0 14:35 20,2 07:39 0,0 4,5 0,0 8,8 36,7 17:45 177 20 20,8 26,2 13:17 16,8 06:07 0,0 0,8 0,3 6,6 30,6 17:54 183 21 20,6 25,9 13:56 16,4 03:25 0,0 0,6 0,0 9,4 39,2 13:52 185 22 20,4 25,4 14:59 17,5 07:09 0,0 0,4 10,2 4,7 36,7 17:59 175 23 18,8 25,3 14:49 14,1 23:58 1,2 0,0 0,0 5,6 28,1 13:05 187 24 17,5 27,4 18:06 10,8 07:40 2,5 0,0 0,0 6,5 20,9 06:07 156 25 17,5 27,5 17:15 11,1 06:32 2,5 0,0 0,0 7,0 22,0 05:14 146 26 18,8 26,7 16:16 13,0 07:23 1,2 0,0 0,0 7,1 25,6 14:59 148 27 20,0 30,1 17:13 13,6 07:12 0,0 0,0 0,0 7,0 22,0 13:05 155 28 19,6 28,9 17:04 13,5 05:37 0,4 0,0 0,0 7,5 25,6 23:38 165 29 19,7 29,2 17:20 13,0 06:44 0,3 0,0 0,0 7,6 24,5 03:50 158 30 20,5 30,0 17:22 13,8 07:15 0,0 0,5 0,0 7,4 23,4 05:34 151 --------------------------------------------------------------------------------------- 21,7 33,6 12 10,8 24 8,0 59,5 10,8 7,3 50,0 18 160 Updated: 01/10/2023 00:00:00