MONTHLY CLIMATOLOGICAL SUMMARY for lug 2023 NAME: Fornovo di Taro, Parma ELEV: 155 metri LAT: 44-41.50 N LONG: 10-05.98 E TEMPERATURE (°C), RAIN (mm), WIND SPEED (km/h) HEAT COOL AVG MEAN DEG DEG WIND DOM DAY TEMP HIGH TIME LOW TIME DAYS DAYS RAIN SPEED HIGH TIME DIR --------------------------------------------------------------------------------------- 01 22,2 30,5 17:51 17,2 00:42 0,0 2,2 0,0 3,0 17,3 12:46 106 02 25,5 35,4 16:43 19,1 05:50 0,0 5,5 0,0 8,6 29,5 22:13 181 03 25,9 32,7 15:41 19,4 06:39 0,0 5,9 0,0 9,0 33,1 17:38 183 04 25,5 33,3 18:42 19,7 06:17 0,0 5,5 0,0 5,6 24,5 23:28 114 05 24,7 31,0 13:49 18,6 06:45 0,0 4,7 3,3 7,6 33,1 20:41 172 06 22,6 27,2 19:38 19,5 05:53 0,0 2,6 0,0 6,7 35,6 12:58 113 07 24,4 33,2 17:46 17,1 05:25 0,0 4,4 0,0 6,1 24,5 12:33 106 08 26,4 34,8 18:44 19,6 06:00 0,0 6,4 0,0 4,8 23,4 15:11 136 09 28,1 38,0 18:43 20,1 05:40 0,0 8,1 0,0 6,5 22,0 04:39 137 10 30,0 40,5 16:27 22,3 05:57 0,0 10,0 0,0 7,3 25,6 17:16 177 11 30,0 38,0 17:53 22,3 05:42 0,0 10,0 0,0 9,8 36,7 22:18 179 12 29,5 37,1 16:26 23,8 06:43 0,0 9,5 0,0 8,2 31,7 02:23 160 13 25,4 32,0 15:24 21,0 10:37 0,0 5,4 0,0 4,9 33,1 01:17 174 14 26,3 33,7 16:41 21,1 05:25 0,0 6,3 0,0 6,6 23,4 14:08 102 15 27,6 35,9 15:45 20,2 06:18 0,0 7,6 0,0 7,9 24,5 16:47 175 16 28,3 37,0 16:38 20,5 05:22 0,0 8,3 0,0 9,1 42,8 18:25 179 17 29,3 37,2 14:58 21,4 06:05 0,0 9,3 0,0 9,3 30,6 16:52 183 18 30,0 39,2 16:05 21,7 05:56 0,0 10,0 0,0 7,3 33,1 17:06 164 19 29,6 36,6 17:12 23,8 06:06 0,0 9,6 0,0 9,3 33,1 19:30 175 20 28,6 36,0 17:57 22,2 06:26 0,0 8,6 0,0 6,2 22,0 14:48 125 21 27,5 33,5 16:30 22,4 07:09 0,0 7,5 0,0 8,5 46,4 11:11 175 22 25,4 30,6 15:58 19,7 05:38 0,0 5,4 0,0 5,4 30,6 14:05 94 23 26,5 36,0 16:35 18,1 05:48 0,0 6,5 0,0 6,1 30,6 19:32 176 24 25,9 34,1 16:48 19,7 03:46 0,0 5,9 0,0 6,7 31,7 06:22 83 25 24,4 30,3 15:37 18,2 09:28 0,0 4,4 36,6 9,6 40,3 17:25 164 26 24,7 30,8 17:15 19,0 06:33 0,0 4,7 0,0 6,6 30,6 00:20 174 27 21,9 31,5 19:20 13,9 06:31 0,0 1,9 0,0 5,4 20,9 14:05 104 28 23,5 31,0 16:23 16,8 05:48 0,0 3,5 0,0 10,3 36,7 16:45 185 29 26,6 32,5 16:59 21,6 06:37 0,0 6,6 0,0 9,5 35,6 18:07 179 30 27,1 35,7 17:43 21,6 05:55 0,0 7,1 0,0 7,7 27,0 01:20 150 31 26,3 34,7 18:32 20,0 06:22 0,0 6,3 0,0 6,9 25,6 15:34 156 --------------------------------------------------------------------------------------- 26,4 40,5 10 13,9 27 0,0 199,8 39,9 7,3 46,4 21 164 Updated: 01/08/2023 00:00:00