MONTHLY CLIMATOLOGICAL SUMMARY for giu 2023 NAME: Fornovo di Taro, Parma ELEV: 155 metri LAT: 44-41.50 N LONG: 10-05.98 E TEMPERATURE (°C), RAIN (mm), WIND SPEED (km/h) HEAT COOL AVG MEAN DEG DEG WIND DOM DAY TEMP HIGH TIME LOW TIME DAYS DAYS RAIN SPEED HIGH TIME DIR --------------------------------------------------------------------------------------- 01 21,0 31,4 17:42 13,8 05:16 0,0 1,0 0,0 6,6 29,5 14:41 130 02 21,4 29,6 15:00 15,7 06:06 0,0 1,4 0,0 10,0 40,3 15:36 170 03 19,8 24,8 13:44 16,3 06:20 0,2 0,0 0,9 6,4 34,2 14:33 146 04 18,9 24,9 15:38 14,5 05:58 1,1 0,0 4,2 5,5 20,9 11:18 140 05 18,2 22,6 17:07 15,9 02:45 1,8 0,0 0,6 4,4 19,4 11:54 69 06 21,2 29,4 19:42 15,0 06:23 0,0 1,2 0,0 4,9 20,9 12:15 126 07 20,6 28,3 17:31 15,6 05:40 0,0 0,6 0,3 5,0 20,9 06:16 156 08 21,6 30,2 18:29 15,4 05:55 0,0 1,6 0,0 5,6 20,9 03:34 164 09 22,3 30,1 15:23 15,4 05:29 0,0 2,3 0,0 7,2 23,4 00:39 167 10 21,4 28,0 19:50 18,7 23:55 0,0 1,4 0,6 4,4 18,4 01:41 170 11 23,1 32,1 18:10 16,1 05:20 0,0 3,1 0,0 6,6 22,0 06:26 106 12 23,2 31,6 16:57 18,5 05:50 0,0 3,2 0,0 5,4 24,5 17:49 123 13 20,2 27,0 17:18 17,7 06:00 0,0 0,2 11,7 5,4 23,4 08:47 93 14 21,1 25,6 17:06 16,6 04:35 0,0 1,1 0,0 4,9 24,5 13:05 69 15 19,1 31,2 07:28 16,2 04:18 0,9 0,0 0,0 5,5 15,8 06:33 182 16 26,4 31,6 19:11 18,7 08:04 0,0 6,4 0,0 5,8 19,4 23:52 134 17 24,0 34,4 17:25 16,9 05:38 0,0 4,0 0,0 7,2 25,6 04:34 164 18 24,1 32,6 15:00 17,4 05:42 0,0 4,1 0,0 9,0 31,7 16:34 177 19 24,9 32,5 16:43 18,0 05:54 0,0 4,9 0,0 8,3 39,2 19:48 177 20 25,9 34,8 16:54 18,7 06:20 0,0 5,9 0,0 6,7 20,9 02:54 168 21 26,1 34,2 18:07 18,3 05:56 0,0 6,1 0,0 6,1 22,0 00:31 166 22 27,6 35,9 18:45 20,6 06:40 0,0 7,6 0,0 7,0 28,1 20:17 167 23 28,4 35,7 17:53 23,5 23:55 0,0 8,4 0,0 7,7 40,3 01:45 185 24 25,8 34,8 18:22 18,0 06:10 0,0 5,8 0,0 6,4 23,4 15:29 136 25 25,4 34,9 16:40 17,7 05:33 0,0 5,4 0,0 6,3 25,6 10:55 127 26 27,1 36,8 19:00 18,8 05:46 0,0 7,1 0,0 5,9 22,0 03:38 163 27 28,1 35,1 14:21 22,1 06:00 0,0 8,1 0,0 9,2 28,1 22:27 174 28 23,9 30,3 16:40 21,0 06:32 0,0 3,9 0,0 7,4 24,5 14:59 67 29 24,8 33,2 16:57 18,0 05:18 0,0 4,8 0,0 4,9 25,6 12:47 78 30 20,2 23,7 00:00 17,3 23:37 0,0 0,2 19,5 3,6 18,4 17:19 142 --------------------------------------------------------------------------------------- 23,2 36,8 26 13,8 01 4,0 99,9 37,8 6,3 40,3 02 149 Updated: 01/07/2023 00:00:00