MONTHLY CLIMATOLOGICAL SUMMARY for mag 2023 NAME: Fornovo di Taro, Parma ELEV: 155 metri LAT: 44-41.50 N LONG: 10-05.98 E TEMPERATURE (°C), RAIN (cm), WIND SPEED (km/h) HEAT COOL AVG MEAN DEG DEG WIND DOM DAY TEMP HIGH TIME LOW TIME DAYS DAYS RAIN SPEED HIGH TIME DIR --------------------------------------------------------------------------------------- 01 13,9 16,6 14:15 11,5 22:06 6,1 0,0 0,21 4,5 19,4 21:01 61 02 12,9 16,2 16:33 11,0 05:04 7,1 0,0 6,39 6,4 25,6 08:03 68 03 16,0 23,9 16:23 11,9 06:08 4,0 0,0 0,09 4,2 24,5 15:26 85 04 16,6 26,2 17:19 9,1 06:10 3,4 0,0 0,00 7,4 20,9 11:35 134 05 18,8 26,7 16:25 11,6 06:16 1,2 0,0 0,00 7,1 19,4 06:38 134 06 20,3 29,0 17:44 13,1 06:15 0,0 0,3 0,00 7,6 24,5 04:39 145 07 20,7 28,4 15:22 13,7 06:11 0,0 0,7 0,00 7,0 22,0 12:16 143 08 18,4 23,3 16:59 12,8 06:25 1,6 0,0 0,00 7,8 29,5 11:48 90 09 17,0 24,1 15:05 12,6 05:51 3,0 0,0 0,15 5,7 25,6 13:05 108 10 12,3 15,2 00:00 10,2 11:12 7,7 0,0 3,51 5,7 20,9 09:50 68 11 14,4 20,2 17:34 10,9 06:25 5,6 0,0 0,00 5,9 23,4 13:58 106 12 14,4 20,9 17:58 10,6 05:15 5,6 0,0 0,42 4,1 24,5 17:47 103 13 12,9 18,2 13:11 9,1 05:27 7,1 0,0 0,63 4,1 25,6 13:13 142 14 12,9 19,4 16:26 10,4 05:22 7,1 0,0 4,29 3,7 15,8 16:32 158 15 16,4 24,3 17:21 10,6 06:16 3,6 0,0 0,00 6,9 24,5 15:58 108 16 13,7 15,4 19:07 12,5 02:06 6,3 0,0 0,36 3,1 20,9 05:36 141 17 13,4 16,4 18:22 11,8 05:55 6,6 0,0 2,25 3,2 12,2 03:43 180 18 15,7 20,6 15:17 11,5 05:12 4,3 0,0 0,00 6,0 30,6 12:25 73 19 13,2 14,3 00:10 12,4 07:37 6,8 0,0 0,33 5,2 23,4 16:25 71 20 13,8 15,5 17:06 12,5 06:19 6,2 0,0 0,30 3,3 17,3 12:02 69 21 18,8 25,8 16:42 14,3 04:45 1,2 0,0 0,00 4,8 24,5 17:54 97 22 20,4 29,4 18:56 13,3 06:50 0,0 0,4 0,00 6,5 24,5 15:21 127 23 21,2 30,0 16:14 14,6 06:20 0,0 1,2 0,00 8,7 27,0 18:54 166 24 19,7 25,2 13:08 14,8 06:20 0,3 0,0 0,00 6,8 25,6 20:45 164 25 18,4 24,4 15:17 15,3 01:50 1,6 0,0 0,00 5,2 25,6 11:46 118 26 21,2 31,6 17:23 13,2 05:35 0,0 1,2 0,00 6,4 23,4 06:15 152 27 21,1 28,7 16:08 15,4 06:39 0,0 1,1 0,00 7,1 27,0 12:28 118 28 22,0 29,7 16:26 16,6 05:55 0,0 2,0 0,00 5,8 19,4 15:31 112 29 21,1 28,0 19:14 14,5 05:57 0,0 1,1 0,00 6,5 23,4 15:30 120 30 21,0 28,4 18:54 14,1 05:52 0,0 1,0 0,00 7,5 28,1 17:42 118 31 21,0 27,5 17:11 15,9 04:19 0,0 1,0 0,00 7,0 30,6 17:34 79 --------------------------------------------------------------------------------------- 17,2 31,6 26 9,1 04 96,6 10,0 18,93 5,9 30,6 18 112 Updated: 01/06/2023 00:00:00