MONTHLY CLIMATOLOGICAL SUMMARY for apr 2023 NAME: Fornovo di Taro, Parma ELEV: 155 metri LAT: 44-41.50 N LONG: 10-05.98 E TEMPERATURE (°C), RAIN (cm), WIND SPEED (km/h) HEAT COOL AVG MEAN DEG DEG WIND DOM DAY TEMP HIGH TIME LOW TIME DAYS DAYS RAIN SPEED HIGH TIME DIR --------------------------------------------------------------------------------------- 01 15,0 22,0 15:02 9,1 06:32 5,0 0,0 0,00 10,9 30,6 22:07 176 02 13,0 19,3 17:22 8,7 07:47 7,0 0,0 0,00 6,6 30,6 01:01 161 03 11,3 18,7 15:56 5,9 07:25 8,7 0,0 0,00 8,8 31,7 14:15 135 04 8,1 14,9 16:42 4,0 07:28 11,9 0,0 0,00 6,9 36,7 11:44 98 05 6,5 15,4 16:18 -0,4 07:01 13,5 0,0 0,00 6,3 27,0 13:32 101 06 7,9 17,9 16:10 0,2 07:30 12,1 0,0 0,00 7,0 23,4 07:18 141 07 8,8 14,3 11:18 4,4 06:40 11,2 0,0 0,06 7,1 23,4 12:10 157 08 11,8 20,5 15:50 6,1 06:44 8,2 0,0 0,03 5,0 22,0 15:23 102 09 12,1 20,3 17:26 5,8 06:59 7,9 0,0 0,00 6,5 28,1 14:25 101 10 11,5 19,9 16:46 5,3 05:37 8,5 0,0 0,00 5,5 23,4 11:44 96 11 13,8 19,0 15:57 8,5 07:37 6,2 0,0 0,00 13,8 45,4 13:41 185 12 12,9 16,9 17:52 8,2 05:55 7,1 0,0 0,00 5,3 28,1 19:35 136 13 10,7 16,8 14:18 6,0 23:21 9,3 0,0 0,24 9,4 42,8 17:02 145 14 12,1 21,4 15:51 5,9 06:51 7,9 0,0 0,00 10,2 28,1 21:21 179 15 13,4 19,8 17:51 7,8 06:51 6,6 0,0 0,00 8,8 25,6 00:21 104 16 12,9 21,8 17:21 6,4 06:21 7,1 0,0 0,00 6,2 19,4 12:21 76 17 11,5 18,8 14:50 5,5 07:21 8,5 0,0 0,00 4,4 25,6 15:44 167 18 14,1 23,5 16:00 6,7 07:00 5,9 0,0 0,00 7,2 31,7 14:56 139 19 14,6 23,3 15:47 7,7 06:49 5,4 0,0 0,00 8,9 40,3 17:57 178 20 12,9 20,0 16:49 8,5 06:24 7,1 0,0 0,00 6,3 31,7 18:54 89 21 14,8 19,7 17:30 11,2 04:42 5,2 0,0 0,00 6,4 24,5 12:37 71 22 15,8 22,7 15:27 10,8 05:40 4,2 0,0 0,00 5,7 23,4 17:01 104 23 16,7 24,8 15:09 9,6 06:35 3,3 0,0 0,00 10,8 41,8 21:33 173 24 17,5 24,7 17:35 12,8 07:15 2,5 0,0 0,00 9,1 41,8 00:39 161 25 13,2 20,4 15:53 7,9 07:10 6,8 0,0 1,35 7,0 42,8 17:57 116 26 13,4 22,8 18:30 5,7 05:57 6,6 0,0 0,00 7,3 20,9 11:29 123 27 14,8 24,0 17:22 7,2 06:36 5,2 0,0 0,00 7,4 25,6 16:39 121 28 15,7 22,2 16:10 9,0 05:58 4,3 0,0 0,00 8,6 27,0 21:40 152 29 16,7 20,6 16:47 12,1 06:45 3,3 0,0 0,00 5,0 28,1 13:51 108 30 16,6 20,8 17:13 13,1 07:47 3,4 0,0 0,00 6,6 25,6 11:08 76 --------------------------------------------------------------------------------------- 13,0 24,8 23 -0,4 05 210,1 0,0 1,68 7,5 45,4 11 139 Updated: 01/05/2023 00:00:00