MONTHLY CLIMATOLOGICAL SUMMARY for feb 2022 NAME: Fornovo di Taro, Parma ELEV: 155 metri LAT: 44-41.50 N LONG: 10-05.98 E TEMPERATURE (°C), RAIN (cm), WIND SPEED (km/h) HEAT COOL AVG MEAN DEG DEG WIND DOM DAY TEMP HIGH TIME LOW TIME DAYS DAYS RAIN SPEED HIGH TIME DIR --------------------------------------------------------------------------------------- 01 9,0 19,1 13:39 1,1 22:15 11,0 0,0 0,00 0,0 0,0 00:00 N/A 02 9,5 21,9 13:29 -0,8 07:40 10,5 0,0 0,00 0,0 0,0 00:00 N/A 03 6,6 17,2 13:13 0,3 06:31 13,4 0,0 0,00 0,0 0,0 00:00 N/A 04 7,4 11,5 12:57 4,1 00:29 12,6 0,0 0,00 0,0 0,0 00:00 N/A 05 7,0 10,5 12:09 2,3 23:59 13,0 0,0 0,00 0,0 0,0 00:00 N/A 06 3,4 9,9 13:22 -1,9 06:37 16,6 0,0 0,00 0,0 0,0 00:00 N/A 07 8,2 18,2 13:45 -1,6 23:32 11,8 0,0 0,00 0,0 0,0 00:00 N/A 08 4,0 20,4 13:32 -5,0 07:35 16,0 0,0 0,00 0,0 0,0 00:00 N/A 09 6,9 20,8 13:51 0,3 02:58 13,1 0,0 0,00 0,0 0,0 00:00 N/A 10 7,0 17,9 11:55 0,0 06:11 13,0 0,0 0,00 0,0 0,0 00:00 N/A 11 9,9 14,8 13:46 2,7 00:05 10,1 0,0 0,00 0,0 0,0 00:00 N/A 12 5,3 10,5 13:56 -1,9 23:55 14,7 0,0 0,00 0,0 0,0 00:00 N/A 13 2,6 17,2 13:50 -4,6 07:22 17,4 0,0 0,00 0,0 0,0 00:00 N/A 14 3,6 7,4 11:49 -1,1 01:08 16,4 0,0 0,00 0,0 0,0 00:00 N/A 15 2,3 4,1 00:00 0,6 06:33 17,7 0,0 0,06 0,0 0,0 00:00 N/A 16 3,7 15,2 13:48 -2,2 07:10 16,3 0,0 0,00 0,0 0,0 00:00 N/A 17 8,6 21,2 13:57 -0,4 06:57 11,4 0,0 0,00 0,0 0,0 00:00 N/A 18 7,1 12,8 14:23 0,2 07:54 12,9 0,0 0,00 0,0 0,0 00:00 N/A 19 10,1 16,7 11:39 6,6 00:20 9,9 0,0 0,00 0,0 0,0 00:00 N/A 20 10,3 20,9 14:07 5,5 06:55 9,7 0,0 0,00 0,0 0,0 00:00 N/A 21 12,8 18,1 11:59 10,5 01:08 7,2 0,0 0,00 0,0 0,0 00:00 N/A 22 10,4 20,2 14:08 1,4 23:48 9,6 0,0 0,00 0,0 0,0 00:00 N/A 23 6,9 24,0 14:00 -1,3 06:10 13,1 0,0 0,00 0,0 0,0 00:00 N/A 24 6,6 18,1 13:31 -0,6 05:24 13,4 0,0 0,00 0,0 0,0 00:00 N/A 25 8,6 21,0 13:19 1,7 07:45 11,4 0,0 0,00 0,0 0,0 00:00 N/A 26 6,3 18,1 13:32 -0,2 23:57 13,7 0,0 0,00 0,0 0,0 00:00 N/A 27 3,7 17,4 13:46 -3,0 05:42 16,3 0,0 0,00 0,0 0,0 00:00 N/A 28 4,5 20,8 14:07 -4,7 06:49 15,5 0,0 0,00 0,0 0,0 00:00 N/A --------------------------------------------------------------------------------------- 6,9 24,0 23 -5,0 08 367,4 0,0 0,06 0,0 0,0 01 N/A Updated: 13/10/2022 13:25:00