MONTHLY CLIMATOLOGICAL SUMMARY for dic 2021 NAME: Fornovo di Taro, Parma ELEV: 155 metri LAT: 44-41.50 N LONG: 10-05.98 E TEMPERATURE (°C), RAIN (cm), WIND SPEED (km/h) HEAT COOL AVG MEAN DEG DEG WIND DOM DAY TEMP HIGH TIME LOW TIME DAYS DAYS RAIN SPEED HIGH TIME DIR --------------------------------------------------------------------------------------- 01 8,4 18,3 12:23 3,5 07:57 11,6 0,0 0,00 0,0 0,0 00:00 N/A 02 5,6 7,4 14:05 4,4 02:00 14,4 0,0 0,00 0,0 0,0 00:00 N/A 03 5,5 16,0 13:03 -0,5 23:36 14,5 0,0 0,00 0,0 0,0 00:00 N/A 04 2,5 5,7 14:06 -1,4 04:16 17,5 0,0 0,00 0,0 0,0 00:01 N/A 05 4,6 17,2 13:26 -1,0 23:35 15,4 0,0 0,00 0,0 0,0 00:00 N/A 06 1,4 18,4 13:37 -3,4 07:39 18,6 0,0 0,00 0,0 0,0 00:00 N/A 07 1,0 13,5 13:42 -4,3 07:36 19,0 0,0 0,00 0,0 0,0 00:00 N/A 08 1,1 1,9 04:05 -0,1 00:05 18,9 0,0 0,00 0,0 0,0 00:00 N/A 09 1,5 7,4 12:11 -1,9 23:50 18,5 0,0 0,00 0,0 0,0 00:00 N/A 10 -0,7 1,7 13:57 -3,8 04:08 20,7 0,0 0,00 0,0 0,0 00:00 N/A 11 1,4 16,2 13:31 -3,9 23:45 18,6 0,0 0,00 0,0 0,0 00:00 N/A 12 -0,3 17,3 13:42 -6,3 07:35 20,3 0,0 0,00 0,0 0,0 00:00 N/A 13 1,5 18,4 12:59 -3,9 06:19 18,5 0,0 0,00 0,0 0,0 00:00 N/A 14 2,6 18,1 13:19 -2,7 03:21 17,4 0,0 0,00 0,0 0,0 00:00 N/A 15 1,2 11,3 12:18 -3,2 07:44 18,8 0,0 0,00 0,0 0,0 00:00 N/A 16 1,4 16,0 13:26 -3,7 07:10 18,6 0,0 0,00 0,0 0,0 00:00 N/A 17 1,6 16,3 12:59 -3,7 07:17 18,4 0,0 0,00 0,0 0,0 00:00 N/A 18 -1,3 5,5 13:17 -4,7 07:57 21,3 0,0 0,00 0,0 0,0 00:00 N/A 19 1,1 15,2 13:17 -4,9 08:06 18,9 0,0 0,00 0,0 0,0 00:00 N/A 20 6,2 14,1 10:50 -0,8 21:20 13,8 0,0 0,00 0,0 0,0 00:00 N/A 21 3,8 7,3 14:39 1,0 00:00 16,2 0,0 0,00 0,0 0,0 00:00 N/A 22 3,9 6,3 14:15 2,3 05:41 16,1 0,0 0,00 0,0 0,0 00:00 N/A 23 4,1 8,4 12:56 2,5 03:30 15,9 0,0 0,00 0,0 0,0 00:00 N/A 24 4,6 6,6 13:42 2,8 01:08 15,4 0,0 0,00 0,0 0,0 00:00 N/A 25 4,6 6,0 12:56 3,8 02:22 15,4 0,0 0,00 0,0 0,0 00:00 N/A 26 5,2 7,4 12:38 3,1 03:56 14,8 0,0 0,00 0,0 0,0 00:00 N/A 27 6,1 7,0 11:35 5,4 23:09 13,9 0,0 0,00 0,0 0,0 00:00 N/A 28 6,6 10,0 13:59 3,4 23:55 13,4 0,0 0,00 0,0 0,0 00:00 N/A 29 5,0 12,0 12:32 1,3 07:10 15,0 0,0 0,00 0,0 0,0 00:00 N/A 30 3,4 8,3 13:00 0,5 07:37 16,6 0,0 0,00 0,0 0,0 00:00 N/A 31 4,8 18,6 12:44 0,3 05:01 15,2 0,0 0,00 0,0 0,0 00:00 N/A --------------------------------------------------------------------------------------- 3,2 18,6 31 -6,3 12 521,7 0,0 0,00 0,0 0,0 01 N/A Updated: 13/10/2022 13:25:00