MONTHLY CLIMATOLOGICAL SUMMARY for lug 2021 NAME: Fornovo di Taro, Parma ELEV: 155 metri LAT: 44-41.50 N LONG: 10-05.98 E TEMPERATURE (°C), RAIN (cm), WIND SPEED (km/h) HEAT COOL AVG MEAN DEG DEG WIND DOM DAY TEMP HIGH TIME LOW TIME DAYS DAYS RAIN SPEED HIGH TIME DIR --------------------------------------------------------------------------------------- 01 25,4 33,0 15:39 19,0 05:02 0,0 5,4 0,00 7,9 42,8 03:13 278 02 24,5 33,1 18:19 14,6 05:50 0,0 4,5 0,00 4,8 35,6 00:30 81 03 24,9 34,2 15:44 17,5 06:43 0,0 4,9 0,00 5,4 42,8 20:07 351 04 21,3 26,7 09:22 16,6 23:57 0,0 1,3 0,00 3,8 18,4 16:40 62 05 24,0 31,7 17:55 14,1 04:05 0,0 4,0 0,00 6,3 24,5 13:50 57 06 25,0 34,5 16:30 15,1 06:15 0,0 5,0 0,00 6,1 28,1 18:18 61 07 27,1 35,5 14:23 16,1 06:05 0,0 7,1 0,00 6,1 37,8 17:18 179 08 24,1 32,0 15:59 17,3 05:54 0,0 4,1 0,00 5,4 39,2 17:59 158 09 24,1 32,4 17:30 14,4 04:57 0,0 4,1 0,00 6,9 24,5 11:06 11 10 24,1 33,8 17:51 12,7 05:53 0,0 4,1 0,00 5,4 24,5 00:12 48 11 25,4 34,0 18:06 15,5 06:15 0,0 5,4 0,00 6,7 28,1 13:57 330 12 26,1 34,8 15:02 17,7 05:10 0,0 6,1 0,00 8,5 41,8 19:35 275 13 22,8 30,3 15:53 17,9 23:46 0,0 2,8 0,72 7,1 45,4 17:49 187 14 19,5 26,8 18:25 15,0 03:02 0,5 0,0 1,23 6,7 47,9 20:36 196 15 21,9 28,8 14:57 14,0 04:29 0,0 1,9 0,00 5,3 27,0 09:42 166 16 20,4 28,2 12:52 16,0 21:45 0,0 0,4 0,24 4,2 36,7 19:32 117 17 22,2 30,4 15:13 15,3 06:20 0,0 2,2 0,03 2,4 25,6 23:30 208 18 25,1 34,1 17:31 15,6 05:15 0,0 5,1 0,00 4,4 20,9 12:14 63 19 25,9 34,5 16:31 16,7 06:06 0,0 5,9 0,00 4,0 23,4 15:36 104 20 25,0 33,6 11:12 16,7 06:06 0,0 5,0 0,00 5,0 29,5 06:15 110 21 26,3 36,9 15:59 16,3 05:54 0,0 6,3 0,00 4,6 23,4 00:54 28 22 25,8 34,5 17:04 17,8 06:13 0,0 5,8 0,00 4,2 22,0 08:41 73 23 26,1 33,6 17:26 18,2 06:07 0,0 6,1 0,00 4,3 22,0 15:36 75 24 26,9 34,1 17:28 19,7 05:25 0,0 6,9 0,00 6,7 36,7 22:46 246 25 25,8 34,5 17:58 18,3 06:30 0,0 5,8 0,00 4,9 28,1 18:58 153 26 24,0 32,0 14:44 18,1 06:25 0,0 4,0 0,00 5,0 37,8 15:39 131 27 23,4 30,2 12:20 18,7 04:24 0,0 3,4 0,00 4,8 23,4 12:26 106 28 24,7 32,3 15:41 16,8 05:51 0,0 4,7 0,00 6,2 31,7 17:48 181 29 25,0 33,8 17:24 16,2 06:25 0,0 5,0 0,00 4,9 24,5 12:25 50 30 25,4 34,1 16:38 15,9 06:07 0,0 5,4 0,00 5,1 28,1 13:08 54 31 26,9 35,3 15:40 17,6 05:34 0,0 6,9 0,00 6,6 36,7 15:17 211 --------------------------------------------------------------------------------------- 24,5 36,9 21 12,7 10 0,5 139,7 2,22 5,5 47,9 14 134 Updated: 13/10/2022 13:25:00