MONTHLY CLIMATOLOGICAL SUMMARY for feb 2020 NAME: Fornovo di Taro, Parma ELEV: 155 metri LAT: 44-41.50 N LONG: 10-05.98 E TEMPERATURE (°C), RAIN (cm), WIND SPEED (km/h) HEAT COOL AVG MEAN DEG DEG WIND DOM DAY TEMP HIGH TIME LOW TIME DAYS DAYS RAIN SPEED HIGH TIME DIR --------------------------------------------------------------------------------------- 01 8,8 10,7 15:05 4,7 23:50 11,2 0,0 0,00 2,4 14,8 12:35 116 02 7,1 15,3 12:30 2,8 02:45 12,9 0,0 0,00 4,9 34,2 13:20 216 03 8,2 18,7 10:35 3,7 06:05 11,8 0,0 0,03 5,2 36,7 12:10 316 04 11,3 17,5 11:15 3,2 02:55 8,7 0,0 0,00 13,5 68,4 14:40 299 05 8,6 12,1 09:15 0,1 23:20 11,4 0,0 0,00 16,9 67,3 05:50 307 06 3,4 15,7 12:05 -4,1 04:20 16,6 0,0 0,00 4,8 20,9 12:45 118 07 3,7 15,1 11:10 -4,1 04:25 16,3 0,0 0,00 5,4 22,0 12:15 107 08 4,0 15,1 11:55 -3,4 07:50 16,0 0,0 0,00 3,9 19,4 13:00 122 09 5,3 14,2 11:50 -2,4 07:20 14,7 0,0 0,03 3,9 24,5 12:20 81 10 12,0 18,7 13:35 6,1 03:00 8,0 0,0 0,00 9,1 69,8 14:45 184 11 15,1 23,1 15:50 4,1 23:55 4,9 0,0 0,00 9,9 73,4 02:10 216 12 7,3 19,2 15:50 -1,2 07:40 12,7 0,0 0,00 4,6 23,4 14:00 137 13 6,5 14,1 11:55 -1,2 06:40 13,5 0,0 0,03 5,0 30,6 13:05 101 14 8,3 20,8 12:50 1,3 23:35 11,7 0,0 0,00 4,7 37,8 13:20 73 15 6,1 16,3 10:55 -1,9 07:35 13,9 0,0 0,00 4,8 23,4 14:25 105 16 7,7 16,0 13:50 -0,8 07:35 12,3 0,0 0,00 4,3 20,9 13:20 93 17 10,6 13,5 16:30 9,1 23:45 9,4 0,0 0,00 2,7 17,3 16:15 300 18 9,0 15,8 15:45 2,1 00:00 11,0 0,0 0,00 3,2 14,8 01:00 130 19 6,8 19,1 16:15 -0,8 06:45 13,2 0,0 0,00 3,7 25,6 18:25 117 20 5,6 16,6 16:05 -2,3 07:20 14,4 0,0 0,00 4,6 19,4 12:45 117 21 6,1 16,5 15:00 -1,9 06:55 13,9 0,0 0,00 5,1 24,5 12:35 100 22 6,5 15,4 14:15 -0,6 07:40 13,5 0,0 0,00 4,2 23,4 15:05 99 23 10,6 18,4 13:00 2,0 01:05 9,4 0,0 0,00 8,5 47,9 14:40 167 24 13,5 20,0 15:05 5,1 23:55 6,5 0,0 0,00 8,5 52,6 02:35 359 25 10,7 17,4 13:55 3,9 02:15 9,3 0,0 0,00 6,6 42,8 12:55 170 26 10,6 17,9 11:45 3,8 06:45 9,4 0,0 0,00 13,6 77,0 16:40 300 27 7,8 13,9 11:20 -1,9 07:10 12,2 0,0 0,00 7,8 58,7 15:35 210 28 10,1 20,5 16:05 0,4 23:35 9,9 0,0 0,00 9,6 80,6 06:15 288 29 7,2 14,5 10:50 -0,1 02:30 12,8 0,0 0,03 4,5 33,1 15:35 170 --------------------------------------------------------------------------------------- 8,2 23,1 11 -4,1 06 341,6 0,0 0,12 6,2 80,6 28 186 Updated: 13/10/2022 13:20:00