MONTHLY CLIMATOLOGICAL SUMMARY for ago 2019 NAME: Fornovo di Taro, Parma ELEV: 155 metri LAT: 44-41.50 N LONG: 10-05.98 E TEMPERATURE (°C), RAIN (cm), WIND SPEED (km/h) HEAT COOL AVG MEAN DEG DEG WIND DOM DAY TEMP HIGH TIME LOW TIME DAYS DAYS RAIN SPEED HIGH TIME DIR --------------------------------------------------------------------------------------- 01 26,4 33,7 17:10 18,2 05:55 0,0 6,4 0,00 5,2 34,2 21:25 221 02 22,7 32,9 14:50 16,1 04:15 0,0 2,7 0,93 4,5 45,4 15:50 181 03 22,6 33,5 18:05 13,2 05:40 0,0 2,6 0,03 3,6 15,8 11:55 114 04 24,0 33,8 17:45 14,9 06:35 0,0 4,0 0,00 3,8 19,4 12:55 100 05 25,4 34,9 17:00 16,7 06:30 0,0 5,4 0,00 3,5 23,4 08:20 82 06 25,7 33,6 16:50 17,5 05:55 0,0 5,7 0,00 5,1 33,1 19:30 167 07 24,8 33,9 15:35 17,7 04:50 0,0 4,8 0,00 4,3 24,5 18:40 135 08 25,4 32,9 18:35 20,2 05:05 0,0 5,4 0,00 3,2 22,0 13:45 67 09 26,7 36,1 16:50 19,0 06:25 0,0 6,7 0,00 3,5 18,4 12:10 84 10 27,3 35,5 17:40 18,7 06:15 0,0 7,3 0,00 5,4 31,7 14:15 160 11 26,3 35,0 17:20 17,1 06:05 0,0 6,3 0,00 4,9 23,4 17:45 127 12 25,6 32,3 14:20 19,5 04:45 0,0 5,6 0,00 5,6 30,6 17:20 158 13 24,4 32,6 16:45 16,9 07:05 0,0 4,4 0,00 4,4 25,6 15:15 53 14 21,9 30,4 16:35 14,2 07:00 0,0 1,9 0,00 4,4 24,5 15:20 105 15 21,7 30,7 17:10 12,9 06:30 0,0 1,7 0,00 3,8 25,6 13:10 85 16 22,9 30,8 18:15 15,7 03:50 0,0 2,9 0,00 4,3 27,0 14:45 92 17 23,1 32,8 18:50 15,0 06:30 0,0 3,1 0,00 3,8 18,4 09:35 98 18 24,3 35,5 18:20 15,3 06:40 0,0 4,3 0,00 4,0 22,0 15:10 94 19 23,9 34,6 18:00 13,2 06:45 0,0 3,9 0,00 5,0 20,9 11:15 123 20 25,1 34,7 16:40 15,5 06:00 0,0 5,1 0,00 3,9 18,4 13:50 124 21 24,4 33,8 16:25 15,2 05:35 0,0 4,4 0,00 4,3 24,5 23:55 94 22 23,5 30,3 17:40 19,4 04:15 0,0 3,5 0,03 3,8 22,0 00:40 69 23 22,7 28,1 15:55 19,0 05:50 0,0 2,7 0,00 3,8 24,5 16:15 76 24 23,7 32,8 16:45 18,3 06:25 0,0 3,7 1,17 3,9 40,3 23:30 45 25 23,9 33,0 17:05 16,8 07:05 0,0 3,9 0,09 4,3 24,5 00:15 350 26 24,1 32,6 15:35 16,7 06:30 0,0 4,1 0,00 3,0 24,5 13:50 44 27 25,0 34,2 15:25 17,4 07:25 0,0 5,0 0,00 4,1 24,5 09:40 35 28 22,8 28,7 12:35 19,0 00:00 0,0 2,8 0,00 3,0 27,0 15:55 171 29 24,3 34,8 16:45 16,2 07:05 0,0 4,3 0,00 3,4 25,6 09:10 93 30 24,7 34,2 15:30 16,6 06:50 0,0 4,7 0,00 3,3 19,4 13:25 104 31 24,7 34,4 15:40 17,0 06:40 0,0 4,7 0,00 3,4 29,5 23:55 88 --------------------------------------------------------------------------------------- 24,3 36,1 09 12,9 15 0,0 134,2 2,25 4,1 45,4 02 112 Updated: 13/10/2022 13:20:00