MONTHLY CLIMATOLOGICAL SUMMARY for mar 2023 NAME: Fornovo di Taro, Parma ELEV: 155 metri LAT: 44-41.50 N LONG: 10-05.98 E TEMPERATURE (°C), RAIN (cm), WIND SPEED (km/h) HEAT COOL AVG MEAN DEG DEG WIND DOM DAY TEMP HIGH TIME LOW TIME DAYS DAYS RAIN SPEED HIGH TIME DIR --------------------------------------------------------------------------------------- 01 2,7 14,1 18:50 0,7 21:48 17,3 0,0 10,08 2,8 15,8 11:10 186 02 5,1 19,8 13:51 1,4 00:00 14,9 0,0 9,27 2,5 20,9 13:51 188 03 8,5 16,4 16:22 4,7 07:09 11,5 0,0 0,00 5,3 18,4 15:41 161 04 8,5 18,8 14:38 2,7 06:36 11,5 0,0 0,00 6,7 20,9 07:19 156 05 9,3 19,1 16:19 2,6 06:45 10,7 0,0 0,00 11,9 46,4 19:18 174 06 11,4 16,3 14:24 6,8 07:05 8,6 0,0 9,15 10,4 43,9 12:42 187 07 11,1 15,0 13:09 7,8 07:40 8,9 0,0 9,15 10,0 43,9 16:08 187 08 11,6 17,2 14:30 5,5 05:32 8,4 0,0 0,00 9,7 43,9 15:32 176 09 15,1 20,9 21:51 10,4 07:04 4,9 0,0 9,15 14,1 42,8 15:08 169 10 16,1 22,7 15:37 13,2 06:44 3,9 0,0 0,00 9,6 42,8 09:15 177 11 16,0 23,3 15:55 9,4 05:39 4,0 0,0 0,00 8,2 25,6 13:02 176 12 11,5 18,0 15:24 8,1 22:59 8,5 0,0 0,00 4,6 18,4 00:21 73 13 11,1 16,6 15:58 6,5 06:43 8,9 0,0 0,00 5,8 19,4 14:44 97 14 11,8 16,0 15:47 8,9 06:22 8,2 0,0 0,03 7,5 34,2 06:22 79 15 8,3 12,1 07:58 5,7 23:55 11,7 0,0 0,00 7,9 23,4 07:49 181 16 8,5 17,1 15:56 1,9 06:09 11,5 0,0 0,00 7,8 23,4 08:04 137 17 8,1 15,3 17:11 2,2 06:50 11,9 0,0 0,00 7,9 27,0 13:38 122 18 9,6 17,9 16:19 2,8 06:26 10,4 0,0 0,00 7,9 25,6 13:23 132 19 10,5 13,5 12:37 7,4 07:43 9,5 0,0 0,03 4,7 17,3 01:15 154 20 11,4 19,6 14:55 8,3 23:30 8,6 0,0 0,03 3,3 17,3 16:09 122 21 12,4 21,2 16:19 5,3 06:18 7,6 0,0 0,00 7,4 22,0 08:13 146 22 14,7 22,9 16:28 8,3 06:40 5,3 0,0 9,24 7,2 22,0 13:29 140 23 15,5 24,2 15:12 10,6 03:46 4,5 0,0 0,00 11,7 35,6 23:35 176 24 15,9 20,6 14:21 10,9 04:20 4,1 0,0 0,00 14,0 46,4 12:37 185 25 17,5 23,8 14:51 13,8 04:25 2,5 0,0 0,00 15,4 50,0 17:40 184 26 13,0 17,8 14:24 8,9 23:54 7,0 0,0 3,33 13,7 57,6 15:21 184 27 12,7 19,1 16:40 6,2 06:58 7,3 0,0 0,00 13,3 51,5 11:17 204 28 10,5 19,0 14:56 2,4 05:57 9,5 0,0 0,00 7,5 23,4 00:06 166 29 12,6 19,2 15:42 5,6 07:17 7,4 0,0 0,00 11,4 45,4 16:32 179 30 14,9 19,7 17:14 10,0 07:05 5,1 0,0 0,00 9,6 40,3 16:39 185 31 13,9 18,8 16:30 8,5 07:36 6,1 0,0 0,00 9,7 46,4 15:02 184 --------------------------------------------------------------------------------------- 11,7 24,2 23 0,7 01 260,2 0,0 59,46 8,7 57,6 26 171 Updated: 01/04/2023 00:00:00