MONTHLY CLIMATOLOGICAL SUMMARY for gen 2023 NAME: Fornovo di Taro, Parma ELEV: 155 metri LAT: 44-41.50 N LONG: 10-05.98 E TEMPERATURE (°C), RAIN (cm), WIND SPEED (km/h) HEAT COOL AVG MEAN DEG DEG WIND DOM DAY TEMP HIGH TIME LOW TIME DAYS DAYS RAIN SPEED HIGH TIME DIR --------------------------------------------------------------------------------------- 01 9,5 11,6 13:28 8,5 03:32 10,5 0,0 0,00 3,0 13,3 10:26 72 02 9,7 11,0 13:26 8,7 06:50 10,3 0,0 0,00 2,1 9,7 12:15 70 03 10,1 11,0 13:49 9,5 05:46 9,9 0,0 0,00 1,6 9,7 13:10 60 04 10,5 12,1 14:07 8,4 23:53 9,5 0,0 0,00 1,7 12,2 09:22 174 05 7,9 11,1 15:20 5,1 23:13 12,1 0,0 0,00 4,2 19,4 13:31 93 06 6,7 9,4 14:28 2,9 07:57 13,3 0,0 0,00 3,1 14,8 09:03 123 07 8,4 9,2 12:25 7,8 21:05 11,6 0,0 0,00 1,8 8,6 01:13 148 08 8,0 8,5 11:58 7,6 18:36 12,0 0,0 0,72 4,0 17,3 19:07 65 09 7,6 12,2 16:36 6,7 08:43 12,4 0,0 0,03 3,9 22,0 21:40 168 10 10,4 17,5 16:16 4,6 23:44 9,6 0,0 0,00 10,3 40,3 10:41 198 11 4,0 5,0 00:00 3,2 06:05 16,0 0,0 0,00 9,8 23,4 04:53 181 12 5,2 9,6 19:06 4,4 22:55 14,8 0,0 0,00 3,9 12,2 20:36 187 13 5,7 10,0 14:59 2,7 23:45 14,3 0,0 0,00 4,3 15,8 15:15 160 14 4,8 10,0 14:47 1,1 08:26 15,2 0,0 0,00 5,6 19,4 12:28 157 15 5,4 7,5 15:01 3,8 00:10 14,6 0,0 0,45 2,6 13,3 15:45 126 16 5,3 10,7 14:19 2,1 08:27 14,7 0,0 0,12 4,6 39,2 14:15 136 17 3,4 4,2 00:00 2,9 23:50 16,6 0,0 0,15 3,1 17,3 09:13 76 18 3,6 5,5 12:29 2,1 07:10 16,4 0,0 0,00 3,1 15,8 12:30 95 19 1,7 2,9 03:19 0,8 05:05 18,3 0,0 0,63 1,6 18,4 00:34 84 20 2,8 7,4 16:43 1,4 05:08 17,2 0,0 0,03 2,5 14,8 14:21 151 21 2,8 7,3 13:58 -0,7 07:18 17,2 0,0 0,00 4,6 17,3 08:50 181 22 2,3 3,8 00:11 0,9 19:33 17,7 0,0 0,06 3,0 12,2 05:50 171 23 2,4 4,8 21:19 0,4 12:20 17,6 0,0 18,84 4,1 27,0 21:22 120 24 5,1 11,3 15:56 2,6 06:06 14,9 0,0 0,42 2,4 12,2 05:50 169 25 5,2 10,9 14:49 3,1 23:33 14,8 0,0 0,36 3,1 15,8 08:57 93 26 3,0 9,1 15:39 -0,8 23:24 17,0 0,0 0,00 4,2 15,8 12:38 141 27 2,5 8,5 14:44 -0,9 23:31 17,5 0,0 0,00 4,1 25,6 14:53 112 28 1,9 9,8 15:36 -1,2 01:04 18,1 0,0 0,00 4,0 15,8 14:56 157 29 2,1 9,8 15:47 -2,3 06:55 17,9 0,0 0,00 5,6 15,8 08:17 160 30 3,1 12,6 15:46 -1,8 07:45 16,9 0,0 0,00 6,6 28,1 15:43 143 31 4,7 12,4 15:12 0,3 08:14 15,3 0,0 0,00 5,8 22,0 08:45 162 --------------------------------------------------------------------------------------- 5,4 17,5 10 -2,3 29 454,2 0,0 21,81 3,9 40,3 10 143 Updated: 01/02/2023 00:00:00