MONTHLY CLIMATOLOGICAL SUMMARY for dic 2022 NAME: Fornovo di Taro, Parma ELEV: 155 metri LAT: 44-41.50 N LONG: 10-05.98 E TEMPERATURE (°C), RAIN (cm), WIND SPEED (km/h) HEAT COOL AVG MEAN DEG DEG WIND DOM DAY TEMP HIGH TIME LOW TIME DAYS DAYS RAIN SPEED HIGH TIME DIR --------------------------------------------------------------------------------------- 01 6,0 8,6 11:34 4,8 06:08 14,0 0,0 0,00 4,2 13,3 14:02 151 02 6,1 7,4 11:18 4,8 00:19 13,9 0,0 0,00 3,2 15,8 11:32 76 03 6,2 7,0 22:45 5,3 06:25 13,8 0,0 0,39 4,7 17,3 12:09 57 04 8,0 9,0 15:50 6,9 00:20 12,0 0,0 0,42 1,9 8,6 16:20 76 05 7,8 7,9 00:20 7,7 01:50 12,2 0,0 0,06 2,8 7,2 00:20 65 06 6,5 11,4 14:38 3,7 09:35 13,5 0,0 0,00 5,4 19,4 09:36 151 07 4,7 8,2 12:53 2,6 20:22 15,3 0,0 0,00 3,5 19,4 13:27 128 08 4,7 6,9 14:24 2,3 02:28 15,3 0,0 0,00 2,0 9,7 14:45 67 09 4,5 5,2 14:55 4,2 03:59 15,5 0,0 1,44 2,8 12,2 08:07 63 10 5,5 8,3 16:11 3,8 08:34 14,5 0,0 0,00 1,5 11,2 23:20 82 11 3,2 6,9 00:00 0,7 23:53 16,8 0,0 0,09 3,3 18,4 22:47 182 12 0,1 4,1 15:49 -1,7 07:57 19,9 0,0 0,00 5,4 19,4 08:13 151 13 0,7 1,6 19:45 -0,1 09:07 19,3 0,0 0,06 3,6 13,3 03:41 83 14 2,1 3,3 13:49 0,7 01:29 17,9 0,0 0,00 3,9 14,8 06:21 184 15 3,4 4,4 10:59 2,7 15:55 16,6 0,0 2,13 3,4 17,3 11:33 107 16 4,3 5,9 14:40 2,6 01:51 15,7 0,0 0,12 2,2 11,2 09:41 103 17 6,1 10,0 14:15 3,6 07:27 13,9 0,0 0,00 4,9 15,8 09:03 116 18 4,9 6,2 13:45 2,9 23:38 15,1 0,0 0,00 3,4 15,8 05:14 67 19 4,6 5,8 12:35 3,0 00:00 15,4 0,0 0,00 2,5 11,2 03:20 83 20 5,3 6,2 13:20 4,7 03:51 14,7 0,0 0,00 2,4 8,6 09:23 51 21 5,6 6,4 18:20 4,9 08:20 14,4 0,0 0,00 2,2 9,7 07:52 54 22 7,0 11,0 15:09 5,6 07:06 13,0 0,0 0,00 1,7 11,2 12:21 160 23 6,9 9,2 15:36 5,7 03:23 13,1 0,0 0,00 4,6 14,8 07:20 147 24 8,5 9,0 09:57 7,5 04:16 11,5 0,0 0,00 3,4 15,8 01:20 102 25 9,2 9,9 14:26 8,6 05:25 10,8 0,0 0,00 1,6 8,6 10:03 87 26 9,5 11,8 12:35 8,0 21:35 10,5 0,0 0,00 2,5 15,8 13:22 92 27 9,4 13,4 13:40 6,3 08:24 10,6 0,0 0,00 3,9 14,8 15:37 138 28 8,4 9,9 12:51 7,1 03:20 11,6 0,0 0,00 3,1 12,2 13:53 96 29 8,4 9,0 11:33 8,0 03:59 11,6 0,0 0,06 2,5 8,6 01:30 63 30 8,5 9,0 13:30 8,1 07:39 11,5 0,0 0,21 2,9 11,2 07:22 65 31 9,6 11,7 12:36 8,0 01:53 10,4 0,0 0,00 2,9 13,3 13:04 80 --------------------------------------------------------------------------------------- 5,9 13,4 27 -1,7 12 434,3 0,0 4,98 3,2 19,4 06 103 Updated: 01/01/2023 00:00:00