MONTHLY CLIMATOLOGICAL SUMMARY for ott 2022 NAME: Fornovo di Taro, Parma ELEV: 155 metri LAT: 44-41.50 N LONG: 10-05.98 E TEMPERATURE (°C), RAIN (cm), WIND SPEED (km/h) HEAT COOL AVG MEAN DEG DEG WIND DOM DAY TEMP HIGH TIME LOW TIME DAYS DAYS RAIN SPEED HIGH TIME DIR --------------------------------------------------------------------------------------- 01 02 18,8 25,3 16:28 12,9 07:33 1,2 0,0 0,00 9,4 45,4 18:29 171 03 18,2 26,0 17:00 12,6 06:45 1,8 0,0 0,00 6,4 24,5 02:05 161 04 17,3 22,6 14:34 12,5 08:04 2,7 0,0 0,00 5,8 13,3 11:34 130 05 17,9 24,1 15:04 13,2 07:34 2,1 0,0 0,00 6,1 17,3 12:34 154 06 18,2 25,1 17:04 12,9 08:04 1,8 0,0 0,00 7,0 20,9 00:34 157 07 18,0 26,0 16:04 13,0 08:04 2,0 0,0 0,00 5,1 14,8 02:34 157 08 17,3 24,3 16:04 11,7 08:04 2,7 0,0 0,00 7,0 17,3 08:34 164 09 17,6 20,6 17:04 15,5 06:34 2,4 0,0 0,03 4,9 18,4 11:34 103 10 16,5 18,7 16:04 14,7 07:04 3,5 0,0 0,00 3,2 8,6 06:04 87 11 16,9 23,4 17:34 12,3 06:34 3,1 0,0 0,00 4,7 12,2 15:04 143 12 16,0 22,9 16:04 11,3 08:04 4,0 0,0 0,00 5,8 14,8 08:34 154 13 15,9 23,0 16:17 11,4 07:34 4,1 0,0 0,00 5,4 17,3 09:34 161 14 15,7 24,0 15:35 10,9 06:49 4,3 0,0 0,00 6,2 19,4 06:49 154 15 16,8 23,2 16:25 11,9 07:44 3,2 0,0 0,00 6,3 19,4 14:32 156 16 18,6 25,3 15:08 14,6 07:50 1,4 0,0 0,00 4,4 14,8 04:32 150 17 17,3 24,7 15:21 12,5 07:59 2,7 0,0 0,00 6,6 20,9 03:56 158 18 17,7 25,6 16:12 12,8 07:25 2,3 0,0 0,00 6,4 19,4 06:57 164 19 17,7 25,4 15:39 12,5 08:28 2,3 0,0 0,00 6,4 20,9 07:51 161 20 16,3 21,3 15:16 12,8 08:07 3,7 0,0 0,00 6,3 19,4 07:08 152 21 15,4 16,8 13:24 14,1 05:45 4,6 0,0 0,00 4,0 17,3 14:40 104 22 19,7 25,5 14:16 14,6 00:30 0,3 0,0 0,00 8,3 46,4 07:57 166 23 17,0 21,3 16:20 14,6 07:45 3,0 0,0 0,00 4,3 19,4 12:31 81 24 18,4 25,0 15:42 14,0 08:06 1,6 0,0 0,00 10,7 52,6 17:03 170 25 19,2 22,5 17:31 13,4 20:06 0,8 0,0 0,00 4,3 34,2 00:19 95 26 17,9 24,5 15:47 14,1 07:35 2,1 0,0 0,00 5,4 20,9 14:37 136 27 17,4 23,7 15:06 13,7 06:48 2,6 0,0 0,00 6,1 20,9 03:35 160 28 17,0 24,3 16:54 12,6 08:15 3,0 0,0 0,00 5,6 17,3 07:38 169 29 17,0 26,4 16:06 11,6 07:36 3,0 0,0 0,00 6,5 22,0 08:06 170 30 16,9 27,1 15:06 11,5 07:06 3,1 0,0 0,00 7,0 17,3 02:36 170 31 16,6 24,9 16:15 11,5 07:06 3,4 0,0 0,00 7,6 27,0 22:20 168 --------------------------------------------------------------------------------------- 17,4 27,1 30 10,9 14 78,7 0,0 0,03 6,1 52,6 24 155 Updated: 01/11/2022 00:00:00