MONTHLY CLIMATOLOGICAL SUMMARY for set 2022 NAME: Fornovo di Taro, Parma ELEV: 155 metri LAT: 44-41.50 N LONG: 10-05.98 E TEMPERATURE (°C), RAIN (cm), WIND SPEED (km/h) HEAT COOL AVG MEAN DEG DEG WIND DOM DAY TEMP HIGH TIME LOW TIME DAYS DAYS RAIN SPEED HIGH TIME DIR --------------------------------------------------------------------------------------- 01 22,8 29,6 17:24 18,8 04:16 0,0 2,8 0,00 6,2 27,0 16:13 99 02 21,7 28,7 17:14 16,4 06:27 0,0 1,7 0,00 4,6 19,4 13:53 98 03 20,3 23,1 14:23 17,8 05:24 0,0 0,3 0,00 4,8 18,4 11:44 154 04 22,5 31,1 18:15 16,4 07:26 0,0 2,5 0,00 6,9 95,0 08:13 142 05 23,7 32,1 16:32 18,0 06:29 0,0 3,7 0,00 7,1 23,4 14:40 141 06 24,5 33,5 18:08 17,4 06:53 0,0 4,5 0,00 8,3 23,4 07:01 155 07 24,7 30,7 16:52 19,6 07:05 0,0 4,7 0,00 5,8 18,4 02:40 134 08 24,6 30,9 18:17 20,2 05:52 0,0 4,6 0,00 8,0 39,2 16:37 180 09 23,0 31,7 16:39 17,1 04:22 0,0 3,0 0,03 6,8 29,5 12:37 140 10 22,8 28,9 15:49 18,3 07:17 0,0 2,8 0,00 4,7 24,5 00:31 102 11 22,0 30,2 17:00 16,1 07:05 0,0 2,0 0,00 6,1 20,9 02:32 142 12 21,9 30,8 17:12 15,3 06:53 0,0 1,9 0,00 6,9 22,0 03:27 134 13 23,0 31,5 15:51 16,6 06:55 0,0 3,0 0,00 8,0 23,4 03:01 150 14 24,4 31,0 15:11 18,5 07:00 0,0 4,4 0,00 10,5 43,9 16:46 182 15 25,1 28,0 12:22 21,6 07:10 0,0 5,1 0,00 13,3 43,9 17:49 177 16 24,6 29,6 16:18 19,6 07:26 0,0 4,6 0,00 12,0 41,8 19:18 170 17 17,5 24,7 16:59 12,6 11:35 2,5 0,0 0,21 8,8 35,6 08:15 100 18 17,5 27,9 16:08 9,8 06:43 2,5 0,0 0,00 9,9 27,0 05:22 179 19 20,4 27,9 17:00 14,6 00:00 0,0 0,4 0,00 7,6 25,6 04:20 136 20 16,3 25,1 17:34 9,5 07:29 3,7 0,0 0,00 7,0 25,6 13:56 127 21 15,8 23,5 17:08 11,1 06:06 4,2 0,0 0,00 7,7 34,2 12:56 88 22 14,3 23,1 17:25 7,6 06:32 5,7 0,0 0,00 7,2 27,0 13:39 131 23 14,9 23,3 17:22 8,3 07:20 5,1 0,0 0,00 6,6 20,9 16:25 148 24 14,9 17,7 10:51 13,0 01:31 5,1 0,0 0,51 5,5 19,4 03:48 146 25 14,9 18,0 14:25 13,2 03:45 5,1 0,0 0,12 2,7 12,2 15:48 76 26 16,6 25,6 17:37 11,9 07:31 3,4 0,0 0,00 6,3 23,4 18:13 148 27 17,8 24,4 14:48 12,0 07:38 2,2 0,0 0,00 7,7 34,2 21:00 172 28 17,0 24,4 16:37 12,8 07:35 3,0 0,0 0,00 6,7 25,6 01:39 115 29 16,8 22,4 15:33 11,4 07:41 3,2 0,0 0,00 7,7 41,8 16:07 183 30 13,6 17,3 00:00 12,4 06:57 6,4 0,0 2,34 2,7 17,3 00:57 161 --------------------------------------------------------------------------------------- 20,0 33,5 06 7,6 22 52,0 52,1 3,21 7,2 95,0 04 150 Updated: 13/10/2022 13:25:00