MONTHLY CLIMATOLOGICAL SUMMARY for lug 2022 NAME: Fornovo di Taro, Parma ELEV: 155 metri LAT: 44-41.50 N LONG: 10-05.98 E TEMPERATURE (°C), RAIN (cm), WIND SPEED (km/h) HEAT COOL AVG MEAN DEG DEG WIND DOM DAY TEMP HIGH TIME LOW TIME DAYS DAYS RAIN SPEED HIGH TIME DIR --------------------------------------------------------------------------------------- 01 26,4 33,9 16:56 19,3 05:59 0,0 6,4 0,00 11,0 36,7 14:24 181 02 27,0 36,1 17:32 18,0 05:53 0,0 7,0 0,00 8,8 25,6 12:27 132 03 29,6 39,6 18:07 21,2 06:27 0,0 9,6 0,00 7,0 20,9 04:28 153 04 27,7 36,5 17:06 21,5 05:58 0,0 7,7 0,00 8,8 49,0 19:15 161 05 27,5 35,8 17:49 19,2 05:15 0,0 7,5 0,00 7,0 29,5 01:31 133 06 26,9 34,1 19:46 22,8 07:17 0,0 6,9 0,00 6,5 24,5 12:52 77 07 26,4 34,4 17:56 19,5 05:45 0,0 6,4 0,00 7,7 45,4 22:12 92 08 24,9 34,7 18:08 16,7 05:22 0,0 4,9 0,00 6,1 24,5 15:43 93 09 24,7 33,3 17:25 17,4 05:55 0,0 4,7 0,00 8,2 28,1 15:32 108 10 25,8 33,7 20:13 17,6 05:55 0,0 5,8 0,00 7,2 24,5 12:17 122 11 25,3 34,2 16:22 18,2 05:28 0,0 5,3 0,00 6,7 27,0 16:05 132 12 26,2 34,3 15:43 20,4 05:59 0,0 6,2 0,00 5,1 22,0 16:23 78 13 26,5 35,0 17:54 18,9 06:09 0,0 6,5 0,00 6,5 25,6 13:16 84 14 28,4 38,8 17:42 20,3 06:24 0,0 8,4 0,00 7,7 28,1 04:12 155 15 29,4 37,3 15:16 21,7 06:45 0,0 9,4 0,00 12,3 39,2 21:33 184 16 28,6 37,4 17:36 20,9 05:06 0,0 8,6 0,00 6,3 18,4 00:36 132 17 28,5 35,7 17:21 21,8 06:11 0,0 8,5 0,00 8,8 30,6 11:52 87 18 28,1 35,9 18:15 21,4 05:47 0,0 8,1 0,00 7,8 28,1 13:52 82 19 28,4 37,0 16:40 20,8 05:32 0,0 8,4 0,00 7,9 28,1 15:16 89 20 29,3 37,9 16:53 21,0 06:15 0,0 9,3 0,00 7,6 27,0 12:12 99 21 30,2 38,6 19:07 22,5 07:07 0,0 10,2 0,00 7,7 27,0 16:38 117 22 30,0 39,6 19:30 22,2 06:40 0,0 10,0 0,00 7,5 25,6 13:06 143 23 30,2 36,9 15:00 23,5 06:36 0,0 10,2 0,00 12,7 41,8 14:25 184 24 30,4 37,2 17:38 24,9 06:30 0,0 10,4 0,00 7,4 29,5 01:04 152 25 30,1 38,9 18:31 23,9 06:06 0,0 10,1 0,00 9,3 37,8 21:15 169 26 28,2 36,3 16:38 22,9 06:09 0,0 8,2 0,21 8,5 28,1 13:48 88 27 25,5 32,7 18:54 19,0 02:11 0,0 5,5 0,60 7,2 40,3 01:38 93 28 26,3 34,9 18:31 20,3 06:12 0,0 6,3 0,00 5,4 23,4 11:18 107 29 24,6 30,8 14:00 20,5 06:18 0,0 4,6 1,11 6,4 25,6 21:20 87 30 25,7 34,1 17:27 19,2 06:14 0,0 5,7 0,00 6,5 25,6 15:58 93 31 26,8 35,0 17:32 18,8 05:58 0,0 6,8 0,00 7,9 24,5 15:39 130 --------------------------------------------------------------------------------------- 27,5 39,6 03 16,7 08 0,0 233,5 1,92 7,8 49,0 04 129 Updated: 13/10/2022 13:25:00