MONTHLY CLIMATOLOGICAL SUMMARY for gen 2022 NAME: Fornovo di Taro, Parma ELEV: 155 metri LAT: 44-41.50 N LONG: 10-05.98 E TEMPERATURE (°C), RAIN (cm), WIND SPEED (km/h) HEAT COOL AVG MEAN DEG DEG WIND DOM DAY TEMP HIGH TIME LOW TIME DAYS DAYS RAIN SPEED HIGH TIME DIR --------------------------------------------------------------------------------------- 01 4,8 17,3 13:21 0,2 05:05 15,2 0,0 0,00 0,0 0,0 00:00 N/A 02 5,5 19,5 13:39 -0,5 07:26 14,5 0,0 0,00 0,0 0,0 00:00 N/A 03 4,3 10,0 12:53 1,4 07:58 15,7 0,0 0,00 0,0 0,0 00:00 N/A 04 6,0 8,4 13:18 4,6 05:19 14,0 0,0 0,00 0,0 0,0 00:00 N/A 05 5,7 7,0 13:12 4,4 20:08 14,3 0,0 0,03 0,0 0,0 00:00 N/A 06 4,4 15,6 13:07 -0,8 23:42 15,6 0,0 0,00 0,0 0,0 00:00 N/A 07 1,1 11,5 13:08 -3,3 08:07 18,9 0,0 0,00 0,0 0,0 00:00 N/A 08 0,6 13,5 13:11 -4,0 06:45 19,4 0,0 0,00 0,0 0,0 00:00 N/A 09 0,5 4,4 13:59 -2,5 23:55 19,5 0,0 0,00 0,0 0,0 00:00 N/A 10 0,6 15,7 13:56 -4,7 07:22 19,4 0,0 0,00 0,0 0,0 00:00 N/A 11 0,7 18,7 13:55 -4,6 08:21 19,3 0,0 0,00 0,0 0,0 00:00 N/A 12 0,1 13,1 12:35 -5,4 07:54 19,9 0,0 0,00 0,0 0,0 00:00 N/A 13 -0,9 10,9 13:49 -6,3 07:18 20,9 0,0 0,00 0,0 0,0 00:00 N/A 14 2,0 22,6 13:25 -5,5 06:18 18,0 0,0 0,00 0,0 0,0 00:00 N/A 15 3,8 24,2 13:29 -2,7 06:54 16,2 0,0 0,00 0,0 0,0 00:00 N/A 16 3,5 20,4 13:50 -3,7 07:54 16,5 0,0 0,00 0,0 0,0 00:00 N/A 17 4,1 23,9 13:23 -3,2 07:58 15,9 0,0 0,00 0,0 0,0 00:00 N/A 18 1,7 12,1 11:47 -3,0 07:53 18,3 0,0 0,00 0,0 0,0 00:00 N/A 19 2,9 15,3 13:39 -2,3 02:14 17,1 0,0 0,00 0,0 0,0 00:00 N/A 20 3,7 15,8 13:55 -1,4 23:54 16,3 0,0 0,00 0,0 0,0 00:00 N/A 21 0,3 9,5 13:26 -4,2 07:36 19,7 0,0 0,00 0,0 0,0 00:01 N/A 22 1,1 13,9 13:49 -4,6 08:08 18,9 0,0 0,00 0,0 0,0 00:00 N/A 23 1,0 13,7 13:33 -4,0 07:45 19,0 0,0 0,00 0,0 0,0 00:00 N/A 24 1,6 10,9 13:54 -4,1 07:32 18,4 0,0 0,00 0,0 0,0 00:00 N/A 25 3,8 6,8 13:09 2,3 23:59 16,2 0,0 0,00 0,0 0,0 00:00 N/A 26 3,6 7,2 13:27 0,3 03:15 16,4 0,0 0,00 0,0 0,0 00:00 N/A 27 3,2 9,4 13:31 0,4 06:35 16,8 0,0 0,00 0,0 0,0 00:00 N/A 28 3,4 13,6 14:00 -1,1 23:23 16,6 0,0 0,00 0,0 0,0 00:00 N/A 29 3,4 14,5 13:50 -3,4 05:35 16,6 0,0 0,00 0,0 0,0 00:00 N/A 30 7,2 17,4 13:38 0,1 05:10 12,8 0,0 0,00 0,0 0,0 00:00 N/A 31 4,8 16,8 13:28 -0,9 06:10 15,2 0,0 0,00 0,0 0,0 00:00 N/A --------------------------------------------------------------------------------------- 2,9 24,2 15 -6,3 13 531,6 0,0 0,03 0,0 0,0 01 N/A Updated: 13/10/2022 13:25:00