MONTHLY CLIMATOLOGICAL SUMMARY for nov 2021 NAME: Fornovo di Taro, Parma ELEV: 155 metri LAT: 44-41.50 N LONG: 10-05.98 E TEMPERATURE (°C), RAIN (cm), WIND SPEED (km/h) HEAT COOL AVG MEAN DEG DEG WIND DOM DAY TEMP HIGH TIME LOW TIME DAYS DAYS RAIN SPEED HIGH TIME DIR --------------------------------------------------------------------------------------- 01 10,4 11,2 13:57 9,9 05:48 9,6 0,0 1,50 3,5 24,5 23:39 14 02 11,3 16,6 15:33 6,1 04:15 8,7 0,0 0,00 7,2 36,7 05:07 313 03 9,6 11,2 15:54 7,8 01:28 10,4 0,0 0,81 2,2 18,4 00:15 206 04 10,8 18,0 14:52 4,5 23:41 9,2 0,0 0,36 4,6 35,6 12:14 284 05 6,3 15,7 13:22 1,6 05:30 13,7 0,0 0,00 1,9 9,7 17:22 160 06 7,5 16,2 10:13 2,7 01:00 12,5 0,0 0,00 4,3 22,0 15:04 157 07 8,2 12,6 13:21 3,1 00:00 11,8 0,0 0,00 1,6 12,2 12:20 151 08 7,6 9,6 14:24 4,1 06:59 12,4 0,0 0,12 2,8 17,3 10:16 28 09 8,1 8,7 00:19 7,3 06:42 11,9 0,0 0,00 1,7 6,1 00:12 172 10 10,6 11,2 18:15 10,3 23:00 9,4 0,0 0,00 0,9 6,1 21:57 159 11 10,4 14,3 14:21 6,1 23:57 9,6 0,0 0,06 1,6 8,6 00:06 158 12 5,3 6,5 00:19 4,3 04:54 14,7 0,0 0,00 2,8 8,6 01:22 170 13 14 15,4 16,1 19:39 11,2 11:02 4,6 0,0 0,18 0,1 6,1 11:23 343 15 16,0 16,1 00:00 15,9 21:22 4,0 0,0 0,00 0,0 0,0 00:00 N/A 16 15,9 16,0 00:00 15,8 07:05 4,1 0,0 0,00 0,0 0,0 00:00 N/A 17 14,6 16,0 15:00 10,4 23:56 5,4 0,0 0,03 0,0 1,1 17:39 N/A 18 10,8 18,3 13:22 6,5 03:26 9,2 0,0 0,00 0,0 1,1 01:13 N/A 19 9,8 14,9 12:38 7,5 08:22 10,2 0,0 0,00 0,0 0,0 00:00 N/A 20 7,7 12,9 12:58 5,2 23:54 12,3 0,0 0,00 0,0 0,0 00:00 N/A 21 5,9 11,5 12:37 2,2 06:45 14,1 0,0 0,00 0,0 0,0 00:00 N/A 22 7,9 8,8 13:10 6,9 03:50 12,1 0,0 0,00 0,0 0,0 00:00 N/A 23 8,4 18,2 13:13 2,3 23:30 11,6 0,0 0,00 0,0 0,0 00:00 N/A 24 4,2 16,0 13:34 -0,2 07:08 15,8 0,0 0,00 0,0 0,0 00:00 N/A 25 3,6 4,8 23:37 0,0 00:05 16,4 0,0 0,00 0,0 0,0 00:00 N/A 26 6,6 15,8 12:44 3,2 21:35 13,4 0,0 0,00 0,0 0,0 00:00 N/A 27 8,9 16,3 13:14 4,5 00:46 11,1 0,0 0,00 0,0 0,0 00:00 N/A 28 3,4 6,9 00:00 -1,5 23:52 16,6 0,0 0,00 0,0 0,0 00:00 N/A 29 1,7 11,5 13:30 -3,4 06:16 18,3 0,0 0,00 0,0 0,0 00:00 N/A 30 5,4 16,5 13:31 -4,5 05:55 14,6 0,0 0,00 0,0 0,0 00:00 N/A --------------------------------------------------------------------------------------- 8,6 18,3 18 -4,5 30 327,7 0,0 3,06 1,2 36,7 02 150 Updated: 13/10/2022 13:25:00