MONTHLY CLIMATOLOGICAL SUMMARY for set 2021 NAME: Fornovo di Taro, Parma ELEV: 155 metri LAT: 44-41.50 N LONG: 10-05.98 E TEMPERATURE (°C), RAIN (cm), WIND SPEED (km/h) HEAT COOL AVG MEAN DEG DEG WIND DOM DAY TEMP HIGH TIME LOW TIME DAYS DAYS RAIN SPEED HIGH TIME DIR --------------------------------------------------------------------------------------- 01 20,2 29,5 16:11 11,1 05:48 0,0 0,2 0,00 4,5 25,6 13:14 43 02 20,2 29,2 15:57 10,4 06:32 0,0 0,2 0,00 5,4 36,7 14:48 65 03 19,0 27,9 17:30 10,9 06:47 1,0 0,0 0,00 4,2 22,0 15:11 65 04 19,6 28,5 16:11 10,7 06:47 0,4 0,0 0,00 4,9 31,7 14:46 51 05 20,3 29,7 17:12 10,8 06:30 0,0 0,3 0,00 5,3 24,5 13:27 79 06 20,0 30,1 16:52 10,9 20:43 0,0 0,0 0,00 5,0 24,5 13:24 71 07 20,2 30,9 14:54 10,2 06:08 0,0 0,2 0,00 4,5 23,4 16:50 67 08 20,5 28,7 15:12 13,0 07:04 0,0 0,5 0,00 5,5 29,5 15:04 75 09 19,8 29,6 16:19 10,6 06:16 0,2 0,0 0,00 4,6 25,6 15:18 46 10 20,4 31,0 17:03 11,0 06:40 0,0 0,4 0,00 4,4 23,4 17:11 50 11 21,2 30,3 14:43 14,1 07:35 0,0 1,2 0,00 4,1 25,6 13:33 61 12 21,0 30,6 16:36 11,6 07:09 0,0 1,0 0,00 4,3 24,5 14:44 25 13 21,3 33,4 16:55 12,2 06:26 0,0 1,3 0,00 4,3 19,4 09:44 81 14 21,7 30,4 14:47 12,3 07:05 0,0 1,7 0,00 4,5 23,4 18:38 140 15 22,7 29,4 13:26 16,5 02:53 0,0 2,7 0,00 6,0 43,9 17:23 177 16 23,5 27,7 13:17 20,2 10:29 0,0 3,5 0,09 5,4 31,7 01:09 224 17 21,5 26,9 11:40 16,9 23:55 0,0 1,5 0,00 3,5 24,5 12:51 84 18 21,2 28,7 13:35 14,6 07:35 0,0 1,2 0,00 5,7 28,1 16:36 153 19 20,4 26,2 13:13 14,6 05:30 0,0 0,4 0,00 8,0 45,4 15:37 175 20 17,7 26,1 13:44 9,4 07:07 2,3 0,0 1,02 4,7 25,6 14:07 115 21 17,3 24,4 14:36 12,3 23:55 2,7 0,0 0,06 4,4 24,5 14:41 25 22 16,5 25,3 17:33 8,6 07:24 3,5 0,0 0,00 4,7 27,0 12:38 57 23 16,3 26,1 14:22 7,8 07:00 3,7 0,0 0,00 4,2 19,4 15:43 65 24 17,7 28,1 16:08 7,8 06:33 2,3 0,0 0,00 5,4 27,0 17:04 134 25 19,9 28,3 15:19 11,3 06:41 0,1 0,0 0,00 4,3 19,4 11:53 95 26 17,0 20,5 09:12 15,1 06:31 3,0 0,0 1,05 3,7 28,1 12:11 184 27 17,2 24,6 14:17 11,7 07:32 2,8 0,0 0,00 2,5 15,8 15:41 55 28 14,3 18,7 20:28 12,1 05:51 5,7 0,0 0,03 1,6 7,2 00:29 170 29 19,0 26,7 14:56 13,8 06:58 1,0 0,0 0,00 3,2 20,9 10:06 41 30 17,4 24,5 16:43 12,6 04:24 2,6 0,0 0,00 3,5 20,9 12:58 88 --------------------------------------------------------------------------------------- 19,6 33,4 13 7,8 23 31,2 16,3 2,25 4,6 45,4 19 82 Updated: 13/10/2022 13:25:00