MONTHLY CLIMATOLOGICAL SUMMARY for ago 2021 NAME: Fornovo di Taro, Parma ELEV: 155 metri LAT: 44-41.50 N LONG: 10-05.98 E TEMPERATURE (°C), RAIN (cm), WIND SPEED (km/h) HEAT COOL AVG MEAN DEG DEG WIND DOM DAY TEMP HIGH TIME LOW TIME DAYS DAYS RAIN SPEED HIGH TIME DIR --------------------------------------------------------------------------------------- 01 24,1 28,3 16:35 18,3 05:39 0,0 4,1 0,27 9,2 58,7 16:54 177 02 21,7 28,9 12:19 15,1 06:18 0,0 1,7 0,06 6,2 43,9 15:47 46 03 22,5 29,1 14:56 13,3 06:43 0,0 2,5 0,00 7,4 36,7 17:41 172 04 23,7 27,3 15:14 21,4 07:18 0,0 3,7 0,00 4,2 28,1 22:50 83 05 23,8 29,2 14:06 18,8 06:28 0,0 3,8 0,00 7,7 43,9 20:56 52 06 25,0 32,4 14:36 15,5 06:43 0,0 5,0 0,00 7,8 36,7 21:40 214 07 26,3 33,3 15:23 20,3 04:34 0,0 6,3 0,00 6,9 28,1 01:49 213 08 25,6 31,6 14:56 18,7 05:36 0,0 5,6 0,00 9,5 42,8 15:53 182 09 26,0 34,2 15:55 15,2 06:47 0,0 6,0 0,00 6,2 28,1 05:31 200 10 23,8 32,9 16:28 14,0 05:29 0,0 3,8 0,00 5,0 27,0 15:14 48 11 26,5 36,2 17:13 16,8 06:21 0,0 6,5 0,00 4,8 19,4 12:41 44 12 26,7 35,8 16:22 17,2 06:33 0,0 6,7 0,00 5,0 22,0 13:41 30 13 28,2 37,1 16:18 20,8 06:24 0,0 8,2 0,00 4,7 24,5 14:06 43 14 27,8 37,4 16:30 18,0 06:24 0,0 7,8 0,00 5,0 24,5 17:49 38 15 28,5 37,6 15:43 18,6 06:25 0,0 8,5 0,00 7,0 35,6 15:24 168 16 27,9 32,7 13:10 20,3 06:25 0,0 7,9 0,00 9,3 51,5 17:02 186 17 24,5 32,5 16:34 15,0 06:44 0,0 4,5 0,00 5,3 24,5 15:34 72 18 22,3 30,6 15:47 14,3 06:25 0,0 2,3 0,00 5,3 33,1 12:13 76 19 22,2 30,7 17:31 13,4 06:31 0,0 2,2 0,00 5,2 23,4 13:15 51 20 23,7 32,3 15:53 11,6 14:13 0,0 3,7 0,00 5,1 25,6 15:01 37 21 24,4 35,0 16:50 15,0 06:37 0,0 4,4 0,00 4,2 23,4 14:41 43 22 25,0 34,3 14:38 15,1 06:49 0,0 5,0 0,00 6,5 34,2 16:28 169 23 23,0 26,6 09:26 17,4 23:56 0,0 3,0 0,06 6,2 35,6 03:12 69 24 21,4 28,6 16:30 14,2 06:48 0,0 1,4 0,00 5,0 25,6 15:34 89 25 21,1 29,3 16:17 13,7 05:28 0,0 1,1 0,00 5,4 24,5 12:07 85 26 22,2 31,4 15:44 12,6 06:27 0,0 2,2 0,00 6,4 45,4 17:01 49 27 18,8 22,7 00:00 14,7 23:58 1,2 0,0 0,06 4,8 22,0 11:43 83 28 18,2 26,4 17:01 12,8 05:30 1,8 0,0 0,00 5,3 29,5 12:35 115 29 19,1 28,2 17:16 9,6 06:55 0,9 0,0 0,00 4,8 24,5 12:30 44 30 19,1 26,4 17:29 11,1 06:07 0,9 0,0 0,03 5,5 35,6 18:32 82 31 19,4 28,4 16:59 12,8 06:40 0,6 0,0 0,00 3,1 19,4 00:17 57 --------------------------------------------------------------------------------------- 23,6 37,6 15 9,6 29 5,4 117,9 0,48 5,9 58,7 01 104 Updated: 13/10/2022 13:25:00