MONTHLY CLIMATOLOGICAL SUMMARY for mag 2021 NAME: Fornovo di Taro, Parma ELEV: 155 metri LAT: 44-41.50 N LONG: 10-05.98 E TEMPERATURE (°C), RAIN (cm), WIND SPEED (km/h) HEAT COOL AVG MEAN DEG DEG WIND DOM DAY TEMP HIGH TIME LOW TIME DAYS DAYS RAIN SPEED HIGH TIME DIR --------------------------------------------------------------------------------------- 01 14,2 20,3 13:39 7,9 05:53 5,8 0,0 0,42 4,3 24,5 21:25 108 02 15,8 18,8 15:10 13,3 04:07 4,2 0,0 0,00 16,6 62,3 10:16 199 03 14,3 20,8 15:11 7,5 23:40 5,7 0,0 0,00 7,3 61,2 00:17 86 04 13,7 21,5 11:41 3,4 06:25 6,3 0,0 0,00 8,9 37,8 15:23 180 05 16,5 20,2 17:18 13,0 05:00 3,5 0,0 0,00 15,3 67,3 13:34 207 06 16,6 20,6 12:41 10,5 07:00 3,4 0,0 0,00 12,2 56,2 19:31 207 07 18,9 22,7 16:08 15,5 23:42 1,1 0,0 0,00 15,4 64,8 09:31 202 08 14,0 22,2 17:18 9,5 03:19 6,0 0,0 0,06 4,5 22,0 00:16 105 09 16,1 24,3 18:32 7,4 05:50 3,9 0,0 0,03 5,7 27,0 15:55 78 10 18,5 26,0 17:20 10,0 06:07 1,5 0,0 0,03 6,1 35,6 21:33 60 11 14,3 16,7 00:00 10,6 23:42 5,7 0,0 1,47 3,6 19,4 14:35 64 12 15,1 21,2 13:59 8,6 05:48 4,9 0,0 0,03 9,0 52,6 20:49 212 13 16,2 22,9 13:09 13,1 23:01 3,8 0,0 0,00 9,0 60,1 18:19 282 14 14,0 20,8 11:35 7,3 06:35 6,0 0,0 0,00 7,4 39,2 10:34 229 15 14,0 21,3 13:09 5,2 06:25 6,0 0,0 0,00 7,8 49,0 14:08 185 16 16,4 21,4 17:33 11,9 04:22 3,6 0,0 0,00 6,3 36,7 23:02 183 17 19,3 24,7 14:52 11,3 05:55 0,7 0,0 0,00 11,1 46,4 02:40 290 18 16,6 23,4 12:09 6,6 06:07 3,4 0,0 0,00 12,4 56,2 12:57 214 19 17,0 24,4 16:20 9,7 06:23 3,0 0,0 0,15 5,4 27,0 21:22 37 20 15,9 24,9 17:30 5,2 06:17 4,1 0,0 0,00 6,7 42,8 00:48 349 21 17,8 22,5 14:45 8,4 00:58 2,2 0,0 0,00 11,9 55,1 20:23 199 22 18,0 20,7 15:04 13,8 00:00 2,0 0,0 0,00 10,7 45,4 00:15 191 23 19,2 26,0 16:33 12,2 05:36 0,8 0,0 0,00 9,0 43,9 10:11 184 24 12,4 15,5 19:15 10,3 03:00 7,6 0,0 1,17 3,2 24,5 06:43 148 25 18,0 24,2 16:38 9,3 06:23 2,0 0,0 0,12 6,8 36,7 12:51 180 26 16,4 24,7 17:56 6,9 06:17 3,6 0,0 0,00 7,1 34,2 00:50 60 27 18,6 28,2 15:07 7,3 06:15 1,4 0,0 0,00 6,6 31,7 01:44 273 28 18,0 27,0 16:25 9,0 05:52 2,0 0,0 0,00 4,8 22,0 14:09 83 29 19,0 27,9 17:04 10,2 05:58 1,0 0,0 0,00 4,2 20,9 10:43 72 30 18,5 25,2 18:12 11,4 23:57 1,5 0,0 0,00 6,3 27,0 10:51 85 31 16,9 26,1 16:06 9,0 04:54 3,1 0,0 0,00 4,2 17,3 14:52 123 --------------------------------------------------------------------------------------- 16,4 28,2 27 3,4 04 109,9 0,0 3,48 8,1 67,3 05 185 Updated: 13/10/2022 13:25:00