MONTHLY CLIMATOLOGICAL SUMMARY for apr 2021 NAME: Fornovo di Taro, Parma ELEV: 155 metri LAT: 44-41.50 N LONG: 10-05.98 E TEMPERATURE (°C), RAIN (cm), WIND SPEED (km/h) HEAT COOL AVG MEAN DEG DEG WIND DOM DAY TEMP HIGH TIME LOW TIME DAYS DAYS RAIN SPEED HIGH TIME DIR --------------------------------------------------------------------------------------- 01 16,9 27,6 17:40 5,8 06:20 3,1 0,0 0,00 7,7 45,4 21:20 105 02 20,1 26,2 13:15 15,4 06:25 0,0 0,1 0,00 13,2 56,2 20:55 240 03 15,0 18,7 09:30 6,6 23:45 5,0 0,0 0,00 9,2 40,3 00:40 58 04 8,7 16,3 14:40 0,7 06:55 11,3 0,0 0,00 6,0 33,1 11:50 115 05 9,8 19,1 16:40 -0,6 06:50 10,2 0,0 0,00 6,9 43,9 18:20 126 06 8,7 14,8 11:35 -0,0 00:00 11,3 0,0 0,03 8,8 49,0 15:05 91 07 4,6 12,1 18:05 -2,5 04:20 15,4 0,0 0,00 8,4 50,0 12:45 331 08 6,9 15,6 16:15 -4,4 07:05 13,1 0,0 0,00 11,0 52,6 11:55 186 09 11,4 17,2 17:40 4,3 06:00 8,6 0,0 0,00 10,9 67,3 19:20 209 10 9,3 17,0 09:50 4,4 02:15 10,7 0,0 0,00 3,6 23,4 00:15 193 11 9,0 10,8 15:40 7,5 03:20 11,0 0,0 0,15 1,8 14,8 15:05 3 12 9,9 11,1 13:23 8,2 23:56 10,1 0,0 0,12 3,2 25,6 23:07 11 13 7,5 12,6 18:14 2,3 23:57 12,5 0,0 0,06 3,2 19,4 00:44 153 14 7,6 15,5 15:50 -0,7 06:35 12,4 0,0 0,06 4,8 27,0 13:52 85 15 7,5 11,2 17:47 2,8 23:57 12,5 0,0 0,39 8,8 40,3 03:45 126 16 7,2 13,6 15:06 1,1 06:25 12,8 0,0 0,00 6,3 29,5 12:06 112 17 7,6 15,3 15:02 -0,9 06:35 12,4 0,0 0,00 6,5 28,1 14:54 127 18 8,1 15,0 15:26 1,7 05:45 11,9 0,0 0,00 5,2 30,6 15:59 117 19 10,3 19,5 17:17 3,9 02:45 9,7 0,0 0,00 5,0 22,0 13:11 63 20 11,0 19,7 11:06 1,1 06:43 9,0 0,0 0,00 8,6 41,8 14:50 201 21 12,1 20,8 15:41 2,9 06:55 7,9 0,0 0,36 6,2 31,7 18:47 19 22 12,8 19,9 17:27 5,7 06:20 7,2 0,0 0,00 5,3 25,6 14:21 57 23 12,6 21,7 16:38 4,0 06:33 7,4 0,0 0,00 6,1 30,6 14:43 91 24 13,9 24,3 15:29 3,5 05:53 6,1 0,0 0,00 5,8 24,5 15:47 84 25 15,0 24,6 15:55 4,7 06:27 5,0 0,0 0,00 5,4 23,4 14:18 87 26 12,6 16,8 15:34 8,0 05:21 7,4 0,0 0,15 5,1 19,4 01:29 84 27 10,7 12,5 15:55 9,5 05:26 9,3 0,0 0,57 4,1 17,3 16:53 27 28 13,0 15,4 16:51 10,6 05:36 7,0 0,0 0,03 4,7 23,4 12:43 11 29 14,5 18,9 13:07 11,5 04:26 5,5 0,0 0,09 3,3 30,6 20:08 141 30 16,6 22,8 13:23 11,0 01:53 3,4 0,0 0,00 7,8 34,2 11:39 210 --------------------------------------------------------------------------------------- 11,0 27,6 01 -4,4 08 269,0 0,1 2,01 6,4 67,3 09 115 Updated: 13/10/2022 13:25:00