MONTHLY CLIMATOLOGICAL SUMMARY for dic 2020 NAME: Fornovo di Taro, Parma ELEV: 155 metri LAT: 44-41.50 N LONG: 10-05.98 E TEMPERATURE (°C), RAIN (cm), WIND SPEED (km/h) HEAT COOL AVG MEAN DEG DEG WIND DOM DAY TEMP HIGH TIME LOW TIME DAYS DAYS RAIN SPEED HIGH TIME DIR --------------------------------------------------------------------------------------- 01 4,2 6,0 10:37 0,6 23:45 15,8 0,0 0,18 4,1 23,4 16:32 24 02 0,7 1,7 11:31 0,3 01:53 19,3 0,0 1,05 1,3 11,2 14:33 357 03 2,2 9,4 13:16 0,4 00:05 17,8 0,0 0,33 2,8 22,0 04:36 193 04 2,4 5,2 22:48 0,3 03:11 17,6 0,0 1,71 2,9 27,0 21:53 123 05 3,5 5,7 01:31 1,3 15:00 16,5 0,0 3,78 3,4 22,0 13:58 137 06 4,0 5,5 14:59 2,1 23:42 16,0 0,0 0,30 2,5 13,3 12:52 154 07 3,6 7,9 14:35 1,4 00:54 16,4 0,0 0,00 3,4 14,8 03:20 154 08 2,9 3,9 01:16 1,6 06:35 17,1 0,0 2,16 2,3 19,4 19:50 131 09 3,5 4,4 15:33 2,7 10:00 16,5 0,0 1,50 2,0 23,4 13:59 336 10 5,3 8,5 12:40 3,3 01:27 14,7 0,0 0,00 1,5 14,8 09:35 354 11 4,9 9,3 12:47 1,9 05:39 15,1 0,0 0,00 2,2 13,3 13:37 38 12 4,5 5,8 16:06 3,4 11:20 15,5 0,0 0,30 1,2 12,2 20:57 152 13 3,6 13,9 13:31 -0,7 07:26 16,4 0,0 0,00 3,4 18,4 14:08 161 14 3,1 14,6 12:13 -2,1 07:41 16,9 0,0 0,03 3,8 15,8 14:32 156 15 4,4 9,3 14:43 -0,2 00:18 15,6 0,0 0,00 2,5 13,3 00:48 172 16 6,9 12,4 13:44 4,2 06:53 13,1 0,0 0,00 2,2 15,8 11:26 174 17 7,4 10,0 13:25 6,1 05:33 12,6 0,0 0,03 1,2 9,7 15:06 155 18 7,5 9,1 12:07 6,7 07:37 12,5 0,0 0,12 1,1 8,6 12:46 100 19 7,8 10,1 13:03 6,5 07:45 12,2 0,0 0,00 1,3 11,2 03:06 338 20 7,2 8,1 13:49 6,6 07:18 12,8 0,0 0,03 1,4 9,7 15:01 23 21 7,8 13,4 10:16 4,6 06:49 12,2 0,0 0,00 1,9 13,3 07:31 171 22 8,3 15,4 12:41 3,6 23:00 11,7 0,0 0,00 3,3 18,4 15:30 147 23 7,7 10,8 12:19 3,6 00:19 12,3 0,0 0,00 2,0 14,8 14:47 153 24 7,8 9,2 13:16 6,5 21:42 12,2 0,0 0,03 4,4 27,0 13:43 19 25 5,7 7,8 11:44 0,5 23:50 14,3 0,0 0,81 4,5 37,8 14:26 121 26 2,8 10,2 13:19 -1,6 23:54 17,2 0,0 0,69 4,7 17,3 14:51 160 27 0,6 9,4 13:40 -4,5 08:21 19,4 0,0 0,00 3,5 13,3 14:42 160 28 -0,4 2,6 12:38 -4,1 21:04 20,4 0,0 0,00 2,5 18,4 21:49 164 29 1,0 5,9 12:10 -1,3 08:07 19,0 0,0 0,57 5,2 35,6 03:01 346 30 0,5 3,4 14:39 -2,6 02:47 19,5 0,0 0,06 2,8 13,3 03:37 162 31 1,2 12,6 12:35 -4,6 08:18 18,8 0,0 0,03 3,0 12,2 01:28 175 --------------------------------------------------------------------------------------- 4,3 15,4 22 -4,6 31 487,4 0,0 13,71 2,7 37,8 25 138 Updated: 13/10/2022 13:25:00