MONTHLY CLIMATOLOGICAL SUMMARY for ott 2020 NAME: Fornovo di Taro, Parma ELEV: 155 metri LAT: 44-41.50 N LONG: 10-05.98 E TEMPERATURE (°C), RAIN (cm), WIND SPEED (km/h) HEAT COOL AVG MEAN DEG DEG WIND DOM DAY TEMP HIGH TIME LOW TIME DAYS DAYS RAIN SPEED HIGH TIME DIR --------------------------------------------------------------------------------------- 01 15,8 23,6 10:41 9,7 05:55 4,2 0,0 0,15 4,3 34,2 16:53 192 02 15,4 18,7 23:54 14,5 00:24 4,6 0,0 1,74 2,3 30,6 23:18 173 03 17,6 20,1 15:27 14,5 11:09 2,4 0,0 0,33 8,1 43,9 12:16 199 04 05 14,7 19,7 17:15 10,6 23:18 5,3 0,0 0,00 4,7 27,0 16:58 149 06 14,6 21,1 14:56 8,7 07:56 5,4 0,0 0,00 6,4 24,5 17:35 176 07 15,6 23,5 12:59 8,7 23:52 4,4 0,0 0,00 5,5 31,7 14:10 155 08 13,4 24,1 16:48 5,7 06:21 6,6 0,0 0,00 3,9 15,8 13:15 101 09 13,3 23,2 12:19 5,9 07:20 6,7 0,0 0,00 3,3 14,8 14:24 138 10 14,8 24,0 16:27 7,4 06:24 5,2 0,0 0,00 4,6 19,4 13:37 122 11 11,0 14,1 00:00 8,8 23:45 9,0 0,0 3,00 3,9 24,5 16:27 39 12 10,6 17,5 15:42 5,6 23:48 9,4 0,0 0,00 2,4 15,8 07:25 165 13 9,5 18,5 12:57 2,7 08:05 10,5 0,0 0,00 4,3 22,0 04:21 53 14 9,9 15,9 13:01 3,9 01:08 10,1 0,0 0,21 3,4 20,9 10:35 84 15 9,8 11,3 13:48 8,7 07:14 10,2 0,0 1,77 3,2 25,6 01:07 33 16 11,0 19,1 15:38 5,5 23:59 9,0 0,0 0,03 2,0 13,3 16:17 139 17 9,8 19,1 12:00 2,6 07:40 10,2 0,0 0,00 4,1 23,4 13:32 106 18 10,6 18,9 16:19 3,5 07:35 9,4 0,0 0,00 4,0 17,3 13:21 113 19 10,7 17,4 12:18 4,2 08:06 9,3 0,0 0,00 3,3 17,3 13:09 81 20 9,3 16,1 15:10 3,3 07:46 10,7 0,0 0,00 2,7 11,2 10:24 141 21 11,2 24,9 16:29 4,1 07:15 8,8 0,0 0,03 3,1 18,4 14:09 171 22 11,4 20,0 10:56 5,3 05:38 8,6 0,0 0,00 3,4 13,3 11:37 134 23 12,3 16,6 14:28 9,4 00:07 7,7 0,0 0,03 3,5 23,4 15:03 15 24 13,1 19,2 16:53 11,1 23:59 6,9 0,0 0,00 2,1 9,7 00:18 161 25 14,1 21,6 10:56 6,0 05:55 5,9 0,0 0,00 4,8 29,5 13:35 174 26 14,4 17,6 00:06 12,0 22:26 5,6 0,0 0,87 3,8 23,4 02:13 236 27 11,3 17,0 12:42 4,7 23:58 8,7 0,0 0,09 4,9 24,5 11:13 330 28 9,8 19,9 12:22 3,5 05:14 10,2 0,0 0,00 4,6 23,4 07:44 67 29 10,6 19,5 13:00 5,9 03:15 9,4 0,0 0,00 3,8 19,4 13:18 145 30 11,4 20,0 15:46 5,9 06:30 8,6 0,0 0,00 3,9 20,9 13:04 123 31 11,4 21,8 11:03 4,5 06:54 8,6 0,0 0,00 4,0 18,4 13:14 112 --------------------------------------------------------------------------------------- 12,2 24,9 21 2,6 17 231,7 0,0 8,25 3,9 43,9 03 146 Updated: 13/10/2022 13:25:00