MONTHLY CLIMATOLOGICAL SUMMARY for lug 2020 NAME: Fornovo di Taro, Parma ELEV: 155 metri LAT: 44-41.50 N LONG: 10-05.98 E TEMPERATURE (°C), RAIN (cm), WIND SPEED (km/h) HEAT COOL AVG MEAN DEG DEG WIND DOM DAY TEMP HIGH TIME LOW TIME DAYS DAYS RAIN SPEED HIGH TIME DIR --------------------------------------------------------------------------------------- 01 26,5 34,4 14:41 18,1 05:05 0,0 6,5 0,00 6,6 45,4 02:20 234 02 26,9 35,2 16:27 19,0 01:18 0,0 6,9 0,00 4,7 28,1 02:07 23 03 24,0 31,1 18:45 17,8 05:52 0,0 4,0 0,24 4,6 25,6 12:32 58 04 23,3 33,0 17:31 17,3 05:29 0,0 3,3 0,75 4,1 37,8 01:00 23 05 25,0 34,4 19:08 15,6 06:15 0,0 5,0 0,00 3,7 24,5 08:22 61 06 26,5 36,3 18:30 17,2 04:59 0,0 6,5 0,00 4,2 30,6 15:15 63 07 22,1 28,3 18:23 16,2 23:58 0,0 2,1 0,03 6,9 36,7 08:47 96 08 21,6 32,7 17:54 11,2 06:11 0,0 1,6 0,00 4,4 29,5 13:09 81 09 24,4 34,8 17:58 13,9 05:47 0,0 4,4 0,00 4,3 23,4 14:29 58 10 26,6 35,7 16:52 16,1 05:51 0,0 6,6 0,00 4,5 25,6 21:04 63 11 26,3 32,8 11:41 19,2 06:13 0,0 6,3 0,00 6,5 46,4 17:14 194 12 23,2 29,7 16:38 17,4 06:40 0,0 3,2 0,00 5,9 29,5 11:54 66 13 21,5 29,6 17:28 12,8 06:20 0,0 1,5 0,00 5,4 34,2 11:43 98 14 20,9 28,5 16:11 11,5 06:11 0,0 0,9 0,00 4,7 27,0 15:36 111 15 20,4 28,7 11:11 13,1 05:30 0,0 0,4 0,00 4,4 40,3 16:53 275 16 23,1 32,5 16:09 14,6 05:47 0,0 3,1 0,00 4,3 24,5 07:41 309 17 23,6 29,9 16:56 17,2 06:21 0,0 3,6 0,00 5,6 25,6 15:18 46 18 23,7 31,1 18:00 16,7 23:56 0,0 3,7 0,00 5,8 24,5 14:18 85 19 23,2 32,6 16:21 12,3 06:15 0,0 3,2 0,00 4,3 24,5 08:15 350 20 25,8 34,8 16:36 15,6 05:55 0,0 5,8 0,00 5,4 27,0 17:48 282 21 26,6 37,0 17:42 16,1 06:28 0,0 6,6 0,00 4,5 29,5 02:50 326 22 27,3 35,2 18:47 19,8 05:13 0,0 7,3 0,00 4,6 34,2 22:59 352 23 25,6 35,1 15:34 19,8 05:12 0,0 5,6 0,48 4,0 30,6 15:35 20 24 20,1 26,1 19:40 15,8 23:58 0,0 0,1 0,39 3,3 46,4 08:58 194 25 23,5 33,7 18:07 14,0 06:07 0,0 3,5 0,00 3,7 24,5 16:28 6 26 24,6 33,8 17:52 15,1 05:15 0,0 4,6 0,00 5,5 34,2 13:23 230 27 25,6 35,8 18:17 16,4 05:42 0,0 5,6 0,00 3,5 22,0 12:58 54 28 27,7 36,6 14:47 18,5 06:24 0,0 7,7 0,00 4,3 25,6 16:43 24 29 29,2 37,6 16:54 20,5 06:34 0,0 9,2 0,00 4,2 31,7 01:55 332 30 29,3 38,3 19:00 20,8 03:56 0,0 9,3 0,00 3,4 22,0 15:40 40 31 28,7 37,7 13:57 22,1 06:20 0,0 8,7 0,00 4,4 49,0 15:36 319 --------------------------------------------------------------------------------------- 24,7 38,3 30 11,2 08 0,0 146,9 1,89 4,7 49,0 31 49 Updated: 13/10/2022 13:20:00