MONTHLY CLIMATOLOGICAL SUMMARY for giu 2020 NAME: Fornovo di Taro, Parma ELEV: 155 metri LAT: 44-41.50 N LONG: 10-05.98 E TEMPERATURE (°C), RAIN (cm), WIND SPEED (km/h) HEAT COOL AVG MEAN DEG DEG WIND DOM DAY TEMP HIGH TIME LOW TIME DAYS DAYS RAIN SPEED HIGH TIME DIR --------------------------------------------------------------------------------------- 01 20,1 30,0 18:07 11,3 02:30 0,0 0,1 0,00 4,1 23,4 15:09 77 02 21,7 31,1 14:45 12,7 02:22 0,0 1,7 0,00 6,5 47,9 23:44 184 03 21,0 26,1 10:08 11,4 06:23 0,0 1,0 0,00 9,3 55,1 15:01 197 04 17,4 20,1 00:00 15,9 22:51 2,6 0,0 0,69 3,6 35,6 10:51 105 05 21,1 29,9 17:03 15,0 05:12 0,0 1,1 0,24 4,1 33,1 23:51 358 06 21,9 27,1 12:17 12,8 06:40 0,0 1,9 0,00 8,3 42,8 16:46 174 07 20,6 24,6 17:43 15,4 05:50 0,0 0,6 0,00 7,4 40,3 15:43 186 08 18,4 25,5 18:08 13,7 23:55 1,6 0,0 0,42 3,1 39,2 14:48 83 09 17,8 26,4 15:02 9,9 06:09 2,2 0,0 0,18 4,9 33,1 14:31 84 10 15,9 23,5 11:04 11,6 02:52 4,1 0,0 0,18 3,2 29,5 12:11 166 11 16,5 25,5 15:42 10,3 05:45 3,5 0,0 0,00 3,5 25,6 15:54 145 12 19,6 29,8 17:44 9,2 05:14 0,4 0,0 0,00 4,8 29,5 17:15 172 13 20,0 29,3 14:40 11,7 05:25 0,0 0,0 0,66 4,0 35,6 17:38 147 14 21,3 32,1 18:13 14,3 00:30 0,0 1,3 0,09 3,8 27,0 23:33 303 15 21,4 27,8 12:39 14,5 05:47 0,0 1,4 0,00 4,5 25,6 00:31 306 16 21,9 29,8 13:29 16,0 05:56 0,0 1,9 0,00 4,0 27,0 17:26 4 17 19,6 29,1 18:12 15,1 23:54 0,4 0,0 1,02 3,1 40,3 14:26 80 18 21,4 25,9 17:37 13,8 06:05 0,0 1,4 0,00 8,2 45,4 13:50 166 19 20,8 27,3 14:40 15,4 23:59 0,0 0,8 0,30 7,6 45,4 20:56 230 20 21,2 32,5 19:14 10,9 05:54 0,0 1,2 0,00 4,1 25,6 08:37 19 21 22,9 34,0 18:57 13,4 05:41 0,0 2,9 0,00 3,4 20,9 14:59 125 22 23,9 37,0 18:39 11,9 05:55 0,0 3,9 0,00 3,6 22,0 15:51 125 23 25,0 37,3 19:06 14,2 04:09 0,0 5,0 0,00 3,7 31,7 08:38 80 24 25,0 35,7 16:22 15,0 05:57 0,0 5,0 0,00 4,2 20,9 11:15 109 25 23,5 32,8 16:35 14,8 05:20 0,0 3,5 0,00 4,8 24,5 17:18 133 26 24,0 34,4 15:52 15,2 04:38 0,0 4,0 0,12 4,9 27,0 20:00 357 27 25,2 37,2 18:07 13,3 06:00 0,0 5,2 0,00 4,3 30,6 08:56 341 28 26,1 35,9 16:12 15,9 04:43 0,0 6,1 0,00 3,9 25,6 16:55 136 29 27,1 31,1 17:13 23,1 00:39 0,0 7,1 0,00 10,0 50,0 14:22 191 30 26,8 33,7 17:06 18,2 06:07 0,0 6,8 0,00 6,5 33,1 15:49 187 --------------------------------------------------------------------------------------- 21,6 37,3 23 9,2 12 14,9 63,8 3,90 5,0 55,1 03 167 Updated: 13/10/2022 13:20:00