MONTHLY CLIMATOLOGICAL SUMMARY for gen 2020 NAME: Fornovo di Taro, Parma ELEV: 155 metri LAT: 44-41.50 N LONG: 10-05.98 E TEMPERATURE (°C), RAIN (cm), WIND SPEED (km/h) HEAT COOL AVG MEAN DEG DEG WIND DOM DAY TEMP HIGH TIME LOW TIME DAYS DAYS RAIN SPEED HIGH TIME DIR --------------------------------------------------------------------------------------- 01 3,0 16,2 11:55 -2,4 07:10 17,0 0,0 0,00 4,5 18,4 14:40 152 02 1,8 12,7 11:55 -3,5 06:35 18,2 0,0 0,00 3,7 19,4 13:25 147 03 4,6 15,2 12:05 -1,8 01:00 15,4 0,0 0,00 4,6 25,6 14:15 146 04 5,4 18,2 13:10 -0,5 08:15 14,6 0,0 0,00 4,5 17,3 00:45 155 05 4,1 16,4 11:50 -1,9 07:40 15,9 0,0 0,00 4,3 17,3 13:20 141 06 1,0 10,1 13:15 -3,6 08:05 19,0 0,0 0,00 3,9 22,0 13:45 123 07 -0,7 10,4 14:30 -3,7 04:25 20,7 0,0 0,00 3,2 15,8 15:10 98 08 1,0 14,8 15:25 -4,0 08:25 19,0 0,0 0,00 3,5 22,0 13:15 152 09 2,8 13,9 12:00 -3,4 06:40 17,2 0,0 0,00 4,8 19,4 14:25 160 10 5,0 11,3 12:30 0,5 01:55 15,0 0,0 0,00 3,9 18,4 03:20 150 11 5,1 18,9 12:40 -1,1 00:00 14,9 0,0 0,00 3,9 18,4 13:10 144 12 2,3 14,1 14:35 -3,7 08:25 17,7 0,0 0,00 3,5 13,3 13:40 147 13 1,5 12,5 14:05 -4,4 08:05 18,5 0,0 0,00 3,5 13,3 14:20 143 14 3,5 7,1 14:30 0,0 00:05 16,5 0,0 0,00 2,4 13,3 00:10 157 15 5,0 6,7 13:05 3,6 03:55 15,0 0,0 0,03 1,1 9,7 15:40 139 16 5,0 10,9 15:00 1,1 23:55 15,0 0,0 0,00 3,0 14,8 22:10 155 17 5,6 13,0 13:00 -1,4 07:30 14,4 0,0 0,03 4,4 23,4 11:15 181 18 5,8 9,1 15:15 4,3 21:25 14,2 0,0 1,02 2,3 23,4 05:55 189 19 4,2 6,6 16:10 0,3 22:40 15,8 0,0 0,12 2,6 18,4 11:45 126 20 2,9 9,7 13:20 -0,9 08:15 17,1 0,0 0,03 3,8 24,5 14:45 117 21 1,9 9,5 12:35 -2,6 08:00 18,1 0,0 0,00 3,3 14,8 13:45 148 22 3,3 17,1 14:50 -2,0 07:30 16,7 0,0 0,00 3,4 23,4 02:20 155 23 3,0 12,9 11:20 -2,0 08:05 17,0 0,0 0,00 4,6 25,6 13:15 118 24 3,2 12,1 12:05 -3,0 04:30 16,8 0,0 0,00 3,0 20,9 13:35 113 25 4,4 6,4 14:55 3,2 06:35 15,6 0,0 0,27 1,6 15,8 18:45 190 26 5,8 11,9 16:10 2,8 23:45 14,2 0,0 0,03 1,8 9,7 13:00 128 27 6,8 11,9 12:15 2,3 00:55 13,2 0,0 0,00 1,7 20,9 12:30 5 28 9,1 16,9 15:40 3,2 00:00 10,9 0,0 0,00 6,5 64,8 13:40 189 29 9,4 19,1 14:20 1,5 08:00 10,6 0,0 0,00 6,1 29,5 22:55 316 30 6,5 15,8 14:45 0,0 07:55 13,5 0,0 0,00 3,9 25,6 11:40 121 31 9,9 16,0 14:40 5,9 03:20 10,1 0,0 0,00 3,7 23,4 13:50 53 --------------------------------------------------------------------------------------- 4,3 19,1 29 -4,4 13 488,0 0,0 1,53 3,6 64,8 28 145 Updated: 13/10/2022 13:20:00