MONTHLY CLIMATOLOGICAL SUMMARY for ago 2014 NAME: Fornovo di Taro, Parma ELEV: 155 metri LAT: 44-41.50 N LONG: 10-05.98 E TEMPERATURE (°C), RAIN (cm), WIND SPEED (km/h) HEAT COOL AVG MEAN DEG DEG WIND DOM DAY TEMP HIGH TIME LOW TIME DAYS DAYS RAIN SPEED HIGH TIME DIR --------------------------------------------------------------------------------------- 01 24,8 35,9 18:44 15,9 06:14 0,0 4,8 0,00 3,7 22,0 22:58 110 02 24,0 33,1 16:49 15,0 06:34 0,0 4,0 0,00 4,6 22,0 10:18 187 03 22,0 29,6 11:38 16,8 06:09 0,0 2,0 0,00 4,1 20,9 09:58 145 04 23,1 32,7 15:49 15,1 05:44 0,0 3,1 0,03 3,8 27,0 17:49 7 05 23,3 32,1 17:04 16,8 05:18 0,0 3,3 0,00 3,3 20,9 02:44 102 06 23,4 32,9 18:18 15,4 06:34 0,0 3,4 0,00 3,5 28,1 09:09 34 07 23,6 33,1 16:29 15,4 06:14 0,0 3,6 0,00 3,9 22,0 16:54 320 08 24,8 33,4 15:24 16,9 03:44 0,0 4,8 0,00 4,2 39,2 01:29 261 09 24,2 32,0 16:34 16,3 06:34 0,0 4,2 0,00 5,0 28,1 12:34 178 10 25,1 34,4 15:09 16,8 05:58 0,0 5,1 0,00 4,6 25,6 17:38 193 11 25,0 32,1 13:04 16,5 06:24 0,0 5,0 0,00 4,8 24,5 17:24 162 12 25,6 32,4 13:14 18,3 06:14 0,0 5,6 0,00 6,1 35,6 22:34 169 13 22,8 27,9 11:44 17,4 23:49 0,0 2,8 0,30 5,0 29,5 16:49 174 14 21,2 29,6 12:18 15,1 05:24 0,0 1,2 0,18 5,5 28,1 22:18 268 15 18,8 27,8 11:24 13,5 04:54 1,2 0,0 0,99 4,8 28,1 14:14 132 16 17,9 26,8 18:54 12,7 23:54 2,1 0,0 0,09 3,5 18,4 15:58 135 17 19,0 29,6 17:34 9,8 06:34 1,0 0,0 0,00 3,8 25,6 09:09 75 18 20,2 27,3 15:38 11,2 05:44 0,0 0,2 0,00 6,9 31,7 18:54 177 19 19,3 23,1 17:49 16,5 03:54 0,7 0,0 0,51 3,0 27,0 06:04 136 20 21,4 28,8 15:04 14,9 06:54 0,0 1,4 0,00 4,5 27,0 16:54 178 21 21,5 32,0 16:39 14,5 23:59 0,0 1,5 0,00 5,9 28,1 17:59 193 22 20,9 30,5 15:14 11,5 06:34 0,0 0,9 0,00 4,2 22,0 16:29 159 23 20,5 28,5 17:19 15,7 23:30 0,0 0,5 0,51 5,1 27,0 04:25 227 24 20,4 29,0 16:34 15,1 06:25 0,0 0,4 0,00 3,9 15,8 12:34 104 25 19,5 25,9 15:19 15,2 02:50 0,5 0,0 0,00 3,2 18,4 13:45 53 26 20,0 28,8 17:59 14,3 05:25 0,0 0,0 0,00 4,6 30,6 16:39 164 27 23,9 33,2 16:59 18,8 06:34 0,0 3,9 0,00 3,4 17,3 00:19 105 28 20,4 28,2 17:54 16,7 23:45 0,0 0,4 0,00 3,2 17,3 09:34 97 29 22,1 31,2 16:34 14,5 06:49 0,0 2,1 0,00 4,0 18,4 11:54 94 30 22,7 31,4 15:29 15,7 06:49 0,0 2,7 0,00 3,5 15,8 13:19 86 31 22,4 32,0 17:59 14,9 06:59 0,0 2,4 0,00 3,7 24,5 16:14 356 --------------------------------------------------------------------------------------- 22,1 35,9 01 9,8 17 5,6 69,3 2,61 4,3 39,2 08 154 Updated: 13/10/2022 13:20:00