MONTHLY CLIMATOLOGICAL SUMMARY for lug 2014 NAME: Fornovo di Taro, Parma ELEV: 155 metri LAT: 44-41.50 N LONG: 10-05.98 E TEMPERATURE (°C), RAIN (cm), WIND SPEED (km/h) HEAT COOL AVG MEAN DEG DEG WIND DOM DAY TEMP HIGH TIME LOW TIME DAYS DAYS RAIN SPEED HIGH TIME DIR --------------------------------------------------------------------------------------- 01 02 03 04 05 06 29,0 32,8 15:24 23,8 23:49 0,0 9,0 0,00 6,9 31,7 22:58 222 07 23,6 32,0 14:14 16,3 06:24 0,0 3,6 0,30 4,8 27,0 15:49 137 08 20,3 27,5 13:44 16,3 19:54 0,0 0,3 1,80 7,1 33,1 21:04 225 09 18,9 27,2 12:09 12,6 06:54 1,1 0,0 0,00 8,7 41,8 03:18 277 10 20,1 28,9 18:14 12,2 04:54 0,0 0,1 0,00 3,8 22,0 16:38 57 11 22,3 32,2 14:38 12,6 05:24 0,0 2,3 0,00 4,8 28,1 23:34 347 12 21,2 28,8 17:04 16,1 06:34 0,0 1,2 0,66 4,4 27,0 13:09 329 13 21,6 28,0 19:04 15,3 06:24 0,0 1,6 0,00 3,4 22,0 14:24 37 14 22,4 30,3 17:38 16,3 06:14 0,0 2,4 0,00 4,2 22,0 01:18 99 15 23,4 33,1 17:54 13,8 06:09 0,0 3,4 0,00 3,6 18,4 17:24 98 16 24,8 35,1 16:49 15,1 05:44 0,0 4,8 0,00 3,1 17,3 14:24 92 17 25,9 37,0 15:58 16,2 05:49 0,0 5,9 0,00 3,9 20,9 09:44 315 18 27,1 37,1 18:18 19,5 02:14 0,0 7,1 0,00 3,8 18,4 05:44 64 19 26,7 37,9 16:34 17,6 06:24 0,0 6,7 0,00 4,4 24,5 08:38 133 20 24,6 32,6 13:44 18,2 04:09 0,0 4,6 0,00 4,9 30,6 08:58 177 21 20,0 25,6 14:44 17,2 17:04 0,0 0,0 1,14 5,9 39,2 16:44 192 22 22,1 26,2 19:34 19,4 23:58 0,0 2,1 0,00 2,9 8,6 20:54 153 23 24,0 32,1 16:44 18,2 03:18 0,0 4,0 0,00 3,6 22,0 14:34 102 24 20,3 23,0 14:44 18,2 06:34 0,0 0,3 0,60 2,3 17,3 13:14 111 25 22,4 29,6 14:44 15,5 05:58 0,0 2,4 0,03 3,5 19,4 15:38 47 26 20,0 23,3 16:49 18,1 23:34 0,0 0,0 4,80 2,3 15,8 11:58 91 27 22,4 30,9 17:58 16,6 06:18 0,0 2,4 0,60 2,5 17,3 15:04 56 28 23,5 32,4 13:58 15,6 05:18 0,0 3,5 0,00 5,2 33,1 18:54 202 29 20,5 23,9 00:04 17,7 06:09 0,0 0,5 0,27 3,7 19,4 08:09 160 30 19,1 27,8 18:09 15,7 06:09 0,9 0,0 3,72 3,4 22,0 01:14 248 31 24,3 34,1 18:34 16,5 02:18 0,0 4,3 0,00 4,6 28,1 03:18 11 --------------------------------------------------------------------------------------- 22,6 37,9 19 12,2 10 2,0 72,6 13,92 4,3 41,8 09 142 Updated: 13/10/2022 13:20:00